MONTHLY CLIMATOLOGICAL SUMMARY for NOV. 2013

NAME: Lacrosse WS2800   CITY: Salcedo (VI) STATE: Italia
ELEV: 398 LAT: 045:45:30 LONG: -011:34:05

                            TEMPERATURE ( C), RAIN (mm), WIND SPEED (kmh)

                                               HEAT     COOL           AVG
      MEAN                                     DEG      DEG            WIND                      DOM
DAY   TEMP    HIGH   TIME     LOW    TIME      DAYS     DAYS    RAIN   SPEED   HIGH    TIME      DIR
----------------------------------------------------------------------------------------------------------------------------------------------------------
01    13.3    16.9   13:32    10.6   04:13     05.0     00.0    00.0   01.6     09.3    12:45     NNE
02    12.2    13.4   13:53    11.2   08:02     06.1     00.0    00.7   01.2     07.4    08:04     NNE
03    11.6    12.8   16:16    10.4   23:55     06.7     00.0    16.9   01.9     11.1    19:51     NNE
04    11.0    13.0   09:42    09.8   02:48     07.3     00.0    15.1   02.3     09.3    14:36     NNE
05    11.7    15.0   13:24    08.8   07:39     06.6     00.0    00.0   02.0     11.1    19:28     NNE
06    11.4    15.2   14:00    09.2   07:30     06.9     00.0    00.0   02.2     09.3    13:16      NE
07    11.6    14.6   15:55    08.9   06:37     06.7     00.0    00.0   01.1     07.4    13:08     NNE
08    12.7    14.6   13:06    11.4   00:00     05.6     00.0    02.3   01.1     07.4    19:51      N 
09    12.4    15.4   14:13    09.3   00:00     05.9     00.0    12.1   02.5     18.5    20:18     ENE
10    09.9    12.0   00:00    07.9   05:53     08.4     00.0    01.1   03.0     35.1    23:51     NNE
11    13.2    16.0   14:40    10.3   22:32     05.1     00.0    00.0   10.2     44.4    05:50      N 
12    12.6    16.5   14:54    09.6   06:55     05.7     00.0    00.0   03.5     16.6    01:56     NNE
13    13.0    16.2   13:40    10.0   00:00     05.3     00.0    00.0   02.7     14.8    19:52     NNE
14    08.9    10.7   12:46    07.2   00:00     09.4     00.0    11.7   02.9     22.2    21:28     NNE
15    08.0    10.4   23:17    06.9   02:04     10.3     00.0    20.3   01.9     16.6    10:54      N 
16    10.1    13.2   13:45    08.4   07:38     08.2     00.0    00.0   02.9     09.3    19:41     NNE
17    09.3    12.3   11:36    07.1   07:45     09.0     00.0    00.0   01.5     09.3    11:50      N 
18    09.9    11.5   14:36    08.5   03:30     08.4     00.0    00.0   00.9     07.4    20:27      N 
19    10.4    12.0   11:12    08.2   00:00     07.9     00.0    12.8   03.6     25.9    10:18     NNE
20    09.5    12.3   12:32    06.9   00:00     08.8     00.0    08.1   02.4     11.1    00:41      SE
21    05.8    07.2   04:58    04.3   21:49     12.5     00.0    29.0   08.7     35.1    21:55      NE
22    06.5    10.9   14:37    03.6   06:25     11.8     00.0    00.4   04.1     16.6    08:00      NE
23    07.3    09.3   13:22    05.4   00:15     11.0     00.0    22.1   07.7     24.1    13:34     NNE
24    08.5    11.6   13:39    06.4   00:43     09.8     00.0    01.3   01.8     14.8    04:12     NNW
25    07.0    10.0   05:24    03.2   00:00     11.3     00.0    00.0   08.6     38.9    07:17     NNW
26    03.7    06.2   10:40    01.6   07:47     14.6     00.0    00.0   06.1     35.1    20:06      N 
27    03.9    07.7   12:17    02.0   00:00     14.4     00.0    00.0   04.3     25.9    00:58      N 
28    02.7    06.5   15:38   -00.6   06:26     15.6     00.0    00.0   02.2     09.3    14:10     WNW
29    03.1    08.9   14:20   -00.3   07:48     15.2     00.0    00.0   01.3     07.4    13:17     NNE
30    03.5    05.6   22:19    01.5   08:02     14.8     00.0    00.0   01.8     12.9    07:02      N 
----------------------------------------------------------------------------------------------------------------------------------------------------------
09.2 (9.4)   16.9  day 01    -00.6  day 28   274.1    000.0   154.5   03.3     44.4   day 11     NNE
Min <=   30: 30
Max Rain: 29.0 ON 21-11-13
Days of Rain: 14 (> .2mm) 10 (> 2mm) 3 (> 20mm)