MONTHLY CLIMATOLOGICAL SUMMARY for JAN. 2019 NAME: CITY: STATE: ELEV: LAT: LONG: TEMPERATURE ( °C), RAIN (mm), WIND SPEED (kmh) HEAT COOL AVG MEAN DEG DEG WIND DOM DAY TEMP HIGH TIME LOW TIME DAYS DAYS RAIN SPEED HIGH TIME DIR -------------------------------------------------------------------------------------------------------- 01 03.3 05.6 00:52 -00.1 00:00 15.0 00.0 00.0 02.2 11.1 17:35 N 02 04.2 09.0 11:38 -00.3 04:11 14.1 00.0 00.0 09.2 42.5 13:09 NW 03 02.8 06.0 11:27 00.0 19:16 15.5 00.0 00.0 05.6 37.0 00:09 NNW 04 01.0 02.8 13:51 -01.2 22:44 17.3 00.0 00.0 04.9 18.5 03:06 NNE 05 -00.7 02.3 14:00 -02.7 07:39 19.0 00.0 00.0 03.0 12.9 20:14 N 06 05.7 11.5 16:49 00.1 00:22 12.6 00.0 00.0 06.1 29.6 22:06 NNW 07 03.9 06.2 12:15 02.1 21:29 14.4 00.0 00.0 04.4 16.6 04:01 NNE 08 02.0 03.3 06:16 00.4 20:17 16.3 00.0 00.0 01.6 07.4 18:49 NNW 09 04.7 08.6 14:00 00.4 07:40 13.6 00.0 00.0 06.9 31.4 15:54 NW 10 05.2 07.2 11:45 03.7 19:04 13.1 00.0 00.0 08.7 29.6 03:05 NNW 11 02.0 04.1 13:56 -00.9 07:34 16.3 00.0 00.0 04.1 14.8 10:30 NE 12 00.5 02.0 16:35 -01.1 04:10 17.8 00.0 00.0 01.7 07.4 21:54 N 13 02.2 05.6 13:03 -00.2 06:05 16.1 00.0 00.0 03.0 12.9 12:52 WSW 14 06.4 13.3 14:57 00.5 05:35 11.9 00.0 02.4 08.8 42.5 15:10 WNW 15 05.9 08.4 14:25 02.2 23:55 12.4 00.0 00.0 07.0 46.3 03:32 N 16 04.1 07.2 12:11 01.5 07:32 14.2 00.0 00.0 02.7 09.3 13:19 NE 17 03.9 04.8 11:57 03.3 03:54 14.4 00.0 06.2 02.0 09.3 22:24 NNE 18 03.7 04.8 11:05 02.7 00:00 14.6 00.0 02.6 06.4 29.6 17:06 NNE 20 01.7 03.6 13:50 -00.2 23:11 16.6 00.0 00.0 01.9 11.1 13:47 NW 21 02.0 04.9 13:53 -00.4 01:43 16.3 00.0 00.0 02.6 11.1 13:55 N 22 02.0 05.5 15:03 -00.8 05:15 16.3 00.0 00.0 02.9 11.1 22:26 W 23 -01.2 00.4 00:03 -02.4 20:01 19.5 00.0 00.9 02.4 16.6 10:01 NE 24 02.8 07.5 16:04 -00.8 06:31 15.5 00.0 00.6 02.9 11.1 23:54 NE 25 01.9 05.2 15:26 -00.9 07:46 16.4 00.0 00.0 03.4 16.6 23:32 NE 26 00.3 03.8 14:34 -02.4 08:05 18.0 00.0 00.0 02.1 11.1 06:24 NE 27 00.9 02.6 13:36 -00.4 08:16 17.4 00.0 05.6 02.3 12.9 10:39 N 28 01.7 03.7 15:04 00.0 07:13 16.6 00.0 03.0 03.9 14.8 10:28 NNW 29 02.9 06.5 14:22 00.1 05:34 15.4 00.0 00.0 02.5 11.1 23:54 N 30 01.4 03.2 15:16 -00.4 05:31 16.9 00.0 00.0 02.2 12.9 00:19 NNE 31 02.5 05.6 13:46 -00.3 03:55 15.8 00.0 00.2 03.5 16.6 23:08 NE -------------------------------------------------------------------------------------------------------- 02.7 (2.8) 13.3 day 14 -02.7 day 05 469.3 000.0 021.6 04.0 46.3 day 14 N Min <= 30: 30 Max Rain: 6.2 ON 17-01-19 Days of Rain: 8 (> .2mm) 5 (> 2mm) 0 (> 20mm)