MONTHLY CLIMATOLOGICAL SUMMARY for DEC. 2017

NAME: Lacrosse WS2800   CITY: Salcedo (VI) STATE: Italia
ELEV: 398 LAT: 045:45:30 LONG: -011:34:05

                            TEMPERATURE ( C), RAIN (mm), WIND SPEED (kmh)

                                               HEAT     COOL           AVG
      MEAN                                     DEG      DEG            WIND                      DOM
DAY   TEMP    HIGH   TIME     LOW    TIME      DAYS     DAYS    RAIN   SPEED   HIGH    TIME      DIR
--------------------------------------------------------------------------------------------------------
01    02.5    04.7   14:31   -00.4   02:00     15.8     00.0    00.0   03.1     16.6    06:32      N 
02    03.6    07.0   13:14    01.2   23:46     14.7     00.0    00.0   04.3     22.2    07:22      N 
03    02.0    05.8   12:43   -00.3   20:30     16.3     00.0    00.0   02.7     14.8    11:26     NNE
04    00.1    03.4   14:08   -02.0   07:59     18.2     00.0    00.0   02.0     09.3    17:04     NNE
05    03.0    07.7   12:47   -00.7   07:14     15.3     00.0    00.0   02.6     11.1    03:27      N 
06    03.9    07.3   13:43    01.5   21:37     14.4     00.0    00.0   02.1     09.3    19:08      N 
07    02.7    05.7   12:03    00.4   07:49     15.6     00.0    00.0   02.7     07.4    21:22      NE
08    03.3    04.3   13:11    01.7   00:26     15.0     00.0    00.0   01.4     12.9    03:26     NNW
09    03.1    06.6   14:12    00.3   23:57     15.2     00.0    00.0   06.2     24.1    14:45     NNW
10   -00.6    01.1   11:53   -02.2   17:22     18.9     00.0    00.0   01.6     12.9    04:42     NNE
11    04.3    09.4   00:00    00.1   01:45     14.0     00.0    51.3   05.3     27.8    20:02     NNE
12    07.9    09.8   01:35    05.8   00:00     10.4     00.0    09.5   03.6     20.4    05:15      NE
13    04.8    08.7   12:24    02.3   00:00     13.5     00.0    00.0   03.3     20.4    15:24     NNE
14    02.5    03.4   12:59    02.0   01:56     15.8     00.0    00.0   02.5     12.9    17:38      NE
15    04.8    07.0   10:41    03.1   01:09     13.5     00.0    00.0   01.8     09.3    15:50     NNE
16    03.2    07.8   13:03    00.1   03:58     15.1     00.0    05.1   03.8     44.4    01:00     NNE
17    04.2    08.2   10:49    01.1   23:46     14.1     00.0    00.0   04.0     14.8    21:44     NNE
18    02.0    04.5   14:42    00.1   05:48     16.3     00.0    00.0   03.2     12.9    20:20     NNE
19    01.4    04.7   13:53   -00.8   07:44     16.9     00.0    00.0   02.6     11.1    12:22     ENE
20    01.4    04.4   14:58   -00.3   23:35     16.9     00.0    00.0   02.7     09.3    22:23      N 
21    01.4    04.2   12:24   -01.1   06:34     16.9     00.0    00.0   01.8     09.3    13:40     WSW
22    04.0    08.4   16:14    00.2   03:28     14.3     00.0    00.0   02.6     12.9    11:23     NNW
23    06.1    10.2   14:59    03.5   04:15     12.2     00.0    00.0   02.7     11.1    08:23     NNE
24    06.2    10.7   11:32    03.5   06:50     12.1     00.0    00.0   01.9     09.3    09:06      N 
25    04.0    07.6   12:50    01.3   22:05     14.3     00.0    00.0   02.8     11.1    23:42     NNE
26    03.8    05.2   14:51    02.7   02:26     14.5     00.0    04.5   01.7     11.1    22:41      N 
27    05.5    06.4   15:14    03.8   00:05     12.8     00.0    69.3   08.2     38.9    15:48     NNE
28    04.0    05.1   00:22    02.7   18:39     14.3     00.0    05.4   02.6     20.4    10:09      N 
29    03.7    06.8   11:34    01.1   22:33     14.6     00.0    00.0   03.4     18.5    00:28     WNW
30    01.6    04.3   13:40    00.0   05:13     16.7     00.0    00.0   01.8     11.1    05:56      NW
31    02.5    05.8   11:49   -00.2   08:01     15.8     00.0    00.0   01.4     07.4    23:23     NNE
--------------------------------------------------------------------------------------------------------
03.3 (3.7)   10.7  day 24    -02.2  day 10   464.4    000.0   145.2   03.0     44.4   day 16     NNE
Min <=   30: 31
Max Rain: 69.3 ON 27-12-18
Days of Rain: 6 (> .2mm) 6 (> 2mm) 2 (> 20mm)