MONTHLY CLIMATOLOGICAL SUMMARY for FEB. 2018

NAME: Lacrosse WS2800   CITY: Salcedo (VI) STATE: Italia
ELEV: 398 LAT: 045:45:30 LONG: -011:34:05

                            TEMPERATURE ( C), RAIN (mm), WIND SPEED (kmh)

                                               HEAT     COOL           AVG
      MEAN                                     DEG      DEG            WIND                      DOM
DAY   TEMP    HIGH   TIME     LOW    TIME      DAYS     DAYS    RAIN   SPEED   HIGH    TIME      DIR
--------------------------------------------------------------------------------------------------------
01    03.8    05.1   18:50    03.2   09:18     14.5     00.0    30.9   03.0     18.5    18:04     NNW
02    03.9    05.0   11:51    02.9   00:00     14.4     00.0    04.1   02.4     16.6    13:31     NNE
03    01.7    02.9   01:16    00.4   09:27     16.6     00.0    02.1   04.2     18.5    02:07     NNE
04    02.6    05.9   13:06   -00.2   07:46     15.7     00.0    00.0   02.9     11.1    13:02     NNE
05    03.4    06.3   12:53    01.6   23:39     14.9     00.0    00.0   01.7     11.1    13:15      NE
06    03.3    06.4   13:39    01.5   07:58     15.0     00.0    00.6   02.9     18.5    19:48     NNE
07    03.5    05.2   12:52    02.0   03:24     14.8     00.0    10.9   02.0     09.3    11:29      W 
08    04.5    06.3   12:31    02.6   04:55     13.8     00.0    00.6   01.9     09.3    07:45     NNE
09    04.5    07.2   15:41    03.6   05:03     13.8     00.0    00.0   02.7     11.1    14:04      NE
10    04.5    07.8   12:42    01.4   06:38     13.8     00.0    00.0   02.7     12.9    21:49     ENE
11    02.4    04.7   12:43    00.2   06:02     15.9     00.0    00.0   04.1     16.6    13:18      NE
12    01.5    02.8   16:54    00.3   08:04     16.8     00.0    04.3   02.6     11.1    23:12      NE
13    02.7    06.0   14:51   -00.1   23:36     15.6     00.0    00.0   04.1     12.9    10:28      NE
14    01.7    06.3   15:24   -01.4   07:18     16.6     00.0    00.0   02.9     12.9    14:30      E 
15    01.3    04.4   14:44   -01.0   06:13     17.0     00.0    00.0   02.2     09.3    22:51      NE
16    03.1    06.9   14:41    00.1   06:59     15.2     00.0    00.0   02.5     09.3    18:57     ENE
17    05.3    08.5   12:37    02.3   07:34     13.0     00.0    00.0   03.0     12.9    12:47     SSE
18    03.5    05.2   10:19    02.3   00:00     14.8     00.0    01.7   06.1     27.8    09:34      NE
19    02.4    04.3   14:52    00.8   00:00     15.9     00.0    00.0   02.5     12.9    11:05      NE
20    01.7    04.6   14:08   -00.4   05:18     16.6     00.0    00.0   02.7     14.8    13:35      NW
21    03.0    06.5   13:58    00.0   07:16     15.3     00.0    00.0   02.3     09.3    00:29      NE
22    02.1    03.4   04:02    01.1   08:34     16.2     00.0    08.6   05.1     24.1    14:25     NNE
23    03.3    07.4   15:13    00.0   08:14     15.0     00.0    02.6   03.5     18.5    19:31     NNE
24    05.6    10.2   13:10    01.4   00:00     12.7     00.0    01.8   05.2     27.8    23:41      NE
25   -02.8    01.4   00:08   -05.9   23:50     21.1     00.0    00.0   06.6     22.2    13:57      NE
26   -05.0   -01.5   13:39   -08.7   07:34     23.3     00.0    00.0   05.4     24.1    14:44      NE
27   -04.4   -01.1   14:31   -06.7   07:04     22.7     00.0    00.0   04.1     16.6    16:03      S 
28   -05.3   -03.2   16:02   -06.8   07:13     23.6     00.0    00.0   04.2     16.6    03:14     ENE
--------------------------------------------------------------------------------------------------------
02.1 (2.3)   10.2  day 24    -08.7  day 26   454.6    000.0   068.3   03.4     27.8   day 24      NE
Max <=   0: 3
Min <=   30: 28
Min <=  -5: 4
Max Rain: 30.9 ON 1-02-18
Days of Rain: 11 (> .2mm) 7 (> 2mm) 1 (> 20mm)