MONTHLY CLIMATOLOGICAL SUMMARY for FEB. 2019 NAME: CITY: STATE: ELEV: LAT: LONG: TEMPERATURE ( °C), RAIN (mm), WIND SPEED (kmh) HEAT COOL AVG MEAN DEG DEG WIND DOM DAY TEMP HIGH TIME LOW TIME DAYS DAYS RAIN SPEED HIGH TIME DIR -------------------------------------------------------------------------------------------------------- 01 03.5 08.0 22:37 00.4 04:59 14.8 00.0 51.6 02.7 27.8 21:46 N 02 06.8 08.1 09:41 04.8 23:38 11.5 00.0 44.8 06.2 24.1 20:25 NNE 03 04.9 06.2 22:55 03.3 09:28 13.4 00.0 19.9 01.7 16.6 23:04 NNW 04 05.9 09.6 14:55 02.8 07:19 12.4 00.0 00.0 02.7 12.9 19:37 NE 05 05.0 09.6 16:20 00.7 08:03 13.3 00.0 00.0 02.8 12.9 14:16 SW 06 07.1 11.1 14:18 04.0 23:02 11.2 00.0 00.0 04.0 14.8 02:26 WSW 07 05.9 09.5 13:21 03.0 07:39 12.4 00.0 00.0 02.3 12.9 19:57 WSW 08 07.6 11.2 14:44 04.0 06:06 10.7 00.0 00.0 03.4 12.9 13:43 NE 09 05.8 09.2 14:34 03.1 06:34 12.5 00.0 00.0 02.4 12.9 13:01 N 10 04.2 05.2 00:14 03.2 00:00 14.1 00.0 10.7 01.5 14.8 16:05 N 11 06.3 10.6 15:37 02.5 03:46 12.0 00.0 00.2 04.1 29.6 15:19 NW 12 07.6 12.4 12:33 05.2 01:01 10.7 00.0 00.0 06.6 25.9 17:35 NNE 13 05.9 09.6 16:10 03.4 07:33 12.4 00.0 00.0 04.9 18.5 13:21 NE 14 06.9 10.4 22:53 04.1 20:01 11.4 00.0 00.0 02.1 09.3 22:43 N 15 08.9 13.4 15:55 05.0 07:18 09.4 00.0 00.0 03.1 12.9 19:32 NE 16 08.8 12.8 16:15 05.0 07:53 09.5 00.0 00.0 01.5 09.3 13:46 SW 17 10.3 14.9 14:46 06.9 01:11 08.0 00.0 00.0 02.6 14.8 08:06 SSW 18 09.4 13.4 16:16 06.5 23:10 08.9 00.0 00.0 02.0 12.9 09:41 SSE 19 06.3 09.4 12:29 03.8 18:31 12.0 00.0 00.0 02.5 09.3 17:41 ENE 20 05.1 07.2 14:46 03.6 22:09 13.2 00.0 00.0 02.2 09.3 14:50 SW 21 08.2 13.0 14:17 04.1 03:29 10.1 00.0 00.0 02.3 11.1 14:48 SSW 23 05.0 09.1 18:02 00.8 23:36 13.3 00.0 00.0 01.9 11.1 08:34 N 24 03.2 06.8 17:05 -01.1 07:05 15.1 00.0 00.0 03.3 11.1 06:08 N 25 09.3 16.0 15:46 03.9 08:01 09.0 00.0 00.0 03.1 12.9 13:41 SW 26 11.5 14.3 23:13 08.4 07:04 06.8 00.0 00.0 03.1 14.8 23:22 NNE 27 14.9 19.7 15:36 07.8 00:00 03.4 00.0 00.0 04.7 18.5 13:39 ESE 28 09.6 14.5 14:27 05.2 06:40 08.7 00.0 00.0 03.6 12.9 14:28 ENE -------------------------------------------------------------------------------------------------------- 07.2 (7.4) 19.7 day 27 -01.1 day 24 300.3 000.0 127.3 03.1 29.6 day 11 N Min <= 30: 27 Max Rain: 51.6 ON 1-02-19 Days of Rain: 5 (> .2mm) 4 (> 2mm) 2 (> 20mm)