MONTHLY CLIMATOLOGICAL SUMMARY for MAR. 2017

NAME: Lacrosse WS2800   CITY: Salcedo (VI) STATE: Italia
ELEV: 398 LAT: 045:45:30 LONG: -011:34:05

                            TEMPERATURE ( C), RAIN (mm), WIND SPEED (kmh)

                                               HEAT     COOL           AVG
      MEAN                                     DEG      DEG            WIND                      DOM
DAY   TEMP    HIGH   TIME     LOW    TIME      DAYS     DAYS    RAIN   SPEED   HIGH    TIME      DIR
--------------------------------------------------------------------------------------------------------
01    07.5    11.5   15:56    04.7   06:49     10.8     00.0    01.8   05.6     27.8    03:26     ENE
02    07.5    11.9   14:50    04.2   05:52     10.8     00.0    00.0   04.2     12.9    13:54      NE
03    08.9    12.8   12:21    04.9   05:58     09.4     00.0    00.0   03.9     20.4    11:33      NE
04    08.0    09.1   11:20    06.8   05:00     10.3     00.0    21.0   10.1     42.5    15:33      NE
05    07.8    10.8   15:45    06.0   23:35     10.5     00.0    01.5   04.8     16.6    14:33      NE
06    07.0    09.2   14:36    03.9   06:35     11.3     00.0    00.0   04.7     16.6    20:47      NE
07    10.2    15.3   15:41    04.6   05:39     08.1     00.0    00.0   07.8     31.4    20:18     NNW
08    10.5    14.6   15:51    06.0   05:31     07.8     00.0    00.0   04.4     20.4    00:01      S 
09    11.5    16.2   16:30    06.5   06:27     06.8     00.0    00.0   03.8     22.2    12:28     ESE
10    14.4    18.7   13:54    07.9   23:18     03.9     00.0    00.0   09.7     35.1    12:23      NW
11    09.6    13.5   15:47    05.9   05:45     08.7     00.0    00.0   05.3     18.5    15:29     SSW
12    08.2    11.8   15:20    05.3   22:55     10.1     00.0    00.0   05.5     20.4    10:10     ENE
13    08.2    12.8   16:15    04.1   06:21     10.1     00.0    00.0   05.3     16.6    14:35     ENE
14    10.5    14.3   17:06    06.5   07:04     07.8     00.0    00.0   04.0     14.8    19:55     WSW
15    10.8    13.6   14:30    07.8   07:11     07.5     00.0    00.0   03.5     12.9    11:55     ENE
16    11.6    16.6   15:24    07.0   07:25     06.7     00.0    00.0   04.1     14.8    14:21      E 
17    11.4    15.3   14:51    07.4   07:01     06.9     00.0    00.0   04.1     11.1    19:53      NE
18    10.0    12.8   12:03    07.2   05:33     08.3     00.0    00.0   03.8     09.3    23:45      NE
19    10.6    15.3   14:42    07.2   03:33     07.7     00.0    00.0   03.4     09.3    20:05      NE
20    11.5    14.5   10:54    08.0   06:52     06.8     00.0    00.0   03.5     11.1    22:16      NE
21    10.5    13.0   14:05    08.7   06:51     07.8     00.0    00.0   02.8     11.1    23:10      SE
22    10.1    11.5   00:40    08.8   07:34     08.2     00.0    02.6   05.0     16.6    22:53      NE
23    12.1    15.8   16:07    09.0   07:16     06.2     00.0    03.0   03.6     14.8    14:07     ENE
24    13.6    18.1   14:35    09.3   05:43     04.7     00.0    00.0   03.8     14.8    05:30     ESE
25    15.3    19.2   15:57    11.4   06:18     03.0     00.0    00.0   05.1     14.8    14:22      NE
26    10.9    14.1   13:34    07.1   23:33     07.4     00.0    01.1   05.7     38.9    17:31      NE
27    10.1    15.1   17:13    05.7   07:19     08.2     00.0    00.0   06.5     18.5    03:02     SSE
28    13.3    18.9   17:55    07.9   06:41     05.0     00.0    00.0   04.2     16.6    04:15      SE
29    16.4    21.4   16:45    11.2   07:12     01.9     00.0    00.0   04.6     18.5    16:16      SE
30    17.5    21.8   15:17    13.0   07:24     00.8     00.0    00.0   04.4     18.5    12:48     ENE
31    16.4    21.6   16:35    11.1   07:32     01.9     00.0    00.0   04.3     14.8    22:21     ENE
--------------------------------------------------------------------------------------------------------
11.0 (11.1)   21.8  day 30     03.9  day 06   225.4    000.0   031.2   04.9     42.6   day 04      NE
Min <=   30: 31
Max Rain: 21.0 ON 4-03-17
Days of Rain: 6 (> .2mm) 3 (> 2mm) 1 (> 20mm)