MONTHLY CLIMATOLOGICAL SUMMARY for MAR. 2018

NAME: Lacrosse WS2800   CITY: Salcedo (VI) STATE: Italia
ELEV: 398 LAT: 045:45:30 LONG: -011:34:05

                            TEMPERATURE ( C), RAIN (mm), WIND SPEED (kmh)

                                               HEAT     COOL           AVG
      MEAN                                     DEG      DEG            WIND                      DOM
DAY   TEMP    HIGH   TIME     LOW    TIME      DAYS     DAYS    RAIN   SPEED   HIGH    TIME      DIR
--------------------------------------------------------------------------------------------------------
01   -04.4   -01.8   23:49   -06.3   07:50     22.7     00.0    00.2   01.9     09.3    02:13     SSE
02    00.0    01.2   08:51   -02.0   00:12     18.3     00.0    06.9   01.3     07.4    09:42     WSW
03    01.0    02.3   02:05   -00.8   00:26     17.3     00.0    07.9   02.8     12.9    06:11      N 
04    04.5    07.9   11:46    01.0   07:24     13.8     00.0    00.3   03.1     12.9    09:36      NE
05    05.3    07.8   14:22    03.2   08:38     13.0     00.0    06.2   02.0     09.3    22:48      NE
06    03.4    03.9   00:44    02.8   12:30     14.9     00.0    08.3   02.4     11.1    00:03      E 
07    03.9    04.8   15:58    02.7   00:00     14.4     00.0    11.0   02.6     14.8    10:31     NNE
08    07.2    11.6   15:47    02.5   03:45     11.1     00.0    00.0   04.0     12.9    03:05     ENE
09    07.4    11.0   15:30    03.5   05:17     10.9     00.0    00.0   03.7     14.8    23:08     ENE
10    07.7    09.7   14:38    05.9   07:15     10.6     00.0    00.2   02.0     09.3    14:14     ENE
11    07.5    08.9   18:19    06.8   09:47     10.8     00.0    44.3   03.7     25.9    15:27      N 
12    08.6    11.7   16:00    06.6   06:16     09.7     00.0    00.6   03.2     14.8    04:08      NE
13    09.2    12.5   16:50    06.8   02:26     09.1     00.0    00.0   02.4     11.1    11:46     ESE
14    09.1    12.7   16:08    05.5   06:14     09.2     00.0    00.0   02.8     12.9    13:26      E 
15    06.9    08.2   13:30    05.0   20:42     11.4     00.0    25.2   05.3     25.9    21:10     NNE
16    08.4    12.1   14:47    05.0   02:38     09.9     00.0    04.5   05.5     24.1    00:09      NE
17    06.7    08.1   12:30    04.4   23:10     11.6     00.0    11.8   05.6     37.0    20:49      NE
18    04.8    07.0   16:31    02.0   00:00     13.5     00.0    11.8   08.8     42.5    20:17      NE
19    01.1    02.4   16:44   -00.2   05:31     17.2     00.0    16.3   02.6     27.8    00:05     NNE
20    02.4    04.8   16:28    00.6   06:02     15.9     00.0    02.4   03.9     24.1    21:22      NE
21    03.1    07.2   14:33   -00.4   06:16     15.2     00.0    00.0   04.2     18.5    21:21     ENE
22    03.4    09.1   15:35   -01.3   06:46     14.9     00.0    00.0   03.9     16.6    14:02      S 
23    04.5    08.9   15:37   -00.2   06:18     13.8     00.0    00.0   03.6     16.6    12:29      S 
24    05.9    08.6   13:56    03.5   02:38     12.4     00.0    00.0   02.6     14.8    13:41     SSE
25    06.1    09.2   15:12    04.4   22:40     12.2     00.0    00.0   04.4     22.2    10:00      NE
26    07.7    12.5   15:03    02.2   07:07     10.6     00.0    00.0   04.1     12.9    14:54      NE
27    09.1    13.0   14:31    05.8   07:59     09.2     00.0    00.0   05.2     20.4    16:27      NE
28    08.8    12.9   15:58    04.1   07:13     09.5     00.0    00.0   03.9     16.6    00:32     ENE
29    07.8    08.7   11:57    07.2   22:45     10.5     00.0    04.7   02.1     12.9    02:38     NNE
30    09.9    13.6   15:58    07.5   00:16     08.4     00.0    02.1   07.7     33.3    18:20      NE
31    08.3    11.0   10:27    05.6   21:27     10.0     00.0    17.2   04.6     18.5    14:14      NE
--------------------------------------------------------------------------------------------------------
05.7 (5.7)   13.6  day 30    -06.3  day 01   392.0    000.0   182.4   03.7     42.6   day 18      NE
Max <=   0: 1
Min <=   30: 31
Min <=  -5: 1
Max Rain: 44.3 ON 11-03-18
Days of Rain: 19 (> .2mm) 15 (> 2mm) 2 (> 20mm)