MONTHLY CLIMATOLOGICAL SUMMARY for MAR. 2019 NAME: CITY: STATE: ELEV: LAT: LONG: TEMPERATURE ( °C), RAIN (mm), WIND SPEED (kmh) HEAT COOL AVG MEAN DEG DEG WIND DOM DAY TEMP HIGH TIME LOW TIME DAYS DAYS RAIN SPEED HIGH TIME DIR -------------------------------------------------------------------------------------------------------- 01 07.9 11.0 10:46 05.1 07:12 10.4 00.0 00.0 02.3 12.9 14:11 NE 02 10.0 14.6 14:39 06.0 02:31 08.3 00.0 00.0 03.6 14.8 20:26 NE 03 10.0 14.0 15:12 06.6 07:16 08.3 00.0 00.0 03.5 14.8 20:47 NE 04 05.8 08.4 00:11 03.2 07:58 12.5 00.0 03.6 02.0 11.1 17:23 N 05 08.5 13.4 13:18 03.9 07:27 09.8 00.0 00.0 03.9 12.9 13:22 ENE 06 08.5 12.2 15:48 04.3 05:24 09.8 00.0 00.0 03.1 12.9 11:22 NE 07 08.7 10.7 15:57 07.5 10:26 09.6 00.0 03.3 03.1 22.2 12:30 N 08 10.5 15.4 15:44 06.4 06:59 07.8 00.0 00.2 04.8 20.4 15:50 E 09 10.3 14.6 15:43 06.6 06:33 08.0 00.0 00.0 04.0 16.6 21:06 NNE 10 08.4 10.0 14:06 06.1 03:22 09.9 00.0 00.0 02.5 09.3 09:31 NW 11 08.8 14.4 11:34 06.0 07:05 09.5 00.0 07.7 09.5 42.5 18:21 NW 12 09.1 14.6 13:07 04.8 02:23 09.2 00.0 00.0 09.3 27.8 04:33 WNW 13 06.3 09.7 15:04 02.9 06:43 12.0 00.0 00.0 03.7 16.6 13:43 NE 14 06.3 10.7 14:33 02.4 06:52 12.0 00.0 00.0 04.2 18.5 18:09 NE 15 08.1 13.4 14:52 03.1 06:20 10.2 00.0 00.0 03.0 12.9 15:49 ENE 16 09.7 13.9 16:27 04.8 06:30 08.6 00.0 00.0 03.2 12.9 21:26 NE 17 09.9 12.4 12:37 07.3 03:06 08.4 00.0 00.6 02.7 12.9 21:44 NE 18 07.0 09.3 14:27 04.0 00:00 11.3 00.0 11.0 06.8 38.9 08:41 N 20 06.5 09.9 15:33 03.0 02:35 11.8 00.0 00.0 04.2 12.9 14:43 NE 21 08.9 13.6 15:18 03.9 02:28 09.4 00.0 00.0 03.8 16.6 12:40 NE 23 12.3 17.9 16:44 07.1 05:19 06.0 00.0 00.0 03.4 12.9 15:24 S 24 18.4 21.8 16:28 13.3 00:00 00.0 00.1 00.0 06.4 18.5 21:15 ENE 25 13.7 18.4 16:11 07.5 00:00 04.6 00.0 00.9 06.4 48.1 21:12 NNE 26 08.3 13.6 15:02 03.5 03:12 10.0 00.0 00.0 05.7 27.8 00:21 ENE 27 08.3 12.9 14:53 04.2 05:54 10.0 00.0 00.0 03.6 14.8 10:56 ENE 28 08.9 13.4 16:01 04.0 06:00 09.4 00.0 00.0 03.5 16.6 14:44 E 29 11.5 16.3 15:00 07.2 06:38 06.8 00.0 00.0 04.9 16.6 15:10 SSW 30 12.9 18.5 14:33 08.4 06:19 05.4 00.0 00.0 03.1 14.8 13:00 SE 31 14.6 20.1 15:23 09.4 07:33 03.7 00.0 00.0 03.5 16.6 13:13 SE -------------------------------------------------------------------------------------------------------- 09.6 (9.7) 21.8 day 24 02.4 day 14 252.6 000.1 027.4 04.3 48.1 day 25 NE Min <= 30: 29 Max Rain: 11.0 ON 18-03-19 Days of Rain: 7 (> .2mm) 4 (> 2mm) 0 (> 20mm)