MONTHLY CLIMATOLOGICAL SUMMARY for APR. 2011

NAME: Lacrosse WS2800   CITY: Salcedo (VI) STATE: Italia
ELEV: 398 LAT: 045:45:30 LONG: -011:34:05

                            TEMPERATURE ( C), RAIN (mm), WIND SPEED (kmh)

                                               HEAT     COOL           AVG
      MEAN                                     DEG      DEG            WIND                       DOM
DAY   TEMP    HIGH   TIME     LOW    TIME      DAYS     DAYS    RAIN   SPEED    HIGH    TIME      DIR
----------------------------------------------------------------------------------------------------------------------------------------------------------
01    17.1    22.9   16:29    12.4   07:35     01.2     00.0    00.0   03.7     13.0    15:12      E 
02    17.9    23.7   09:10    13.5   04:00     00.4     00.0    00.0   04.2     14.8    14:48     ENE
03    17.6    24.1   16:39    13.7   07:01     00.7     00.0    00.0   04.0     14.8    21:48     ENE
04    15.9    21.3   16:09    12.5   07:25     02.4     00.0    04.6   05.0     44.4    19:48      NE
05    14.0    20.0   16:02    09.1   04:36     04.3     00.0    00.0   04.4     14.8    17:09      SW
06    16.5    21.4   18:04    12.8   00:42     01.8     00.0    00.0   02.5     07.4    00:00     NNE
07    19.4    27.3   17:46    13.8   06:59     00.0     01.1    00.0   04.1     13.0    19:19      E 
08    20.5    28.8   16:58    14.3   06:25     00.0     02.2    00.0   03.5     13.0    08:05     SSW
09    26.4    30.7   16:11    20.2   00:03     00.0     08.1    00.0   09.8     31.5    15:53     NNW
10    19.5    23.6   00:18    14.2   23:39     00.0     01.2    00.0   07.8     44.4    00:11      NE
11    19.6    23.6   17:52    13.8   00:36     00.0     01.3    00.0   06.4     22.2    21:06      SE
12    16.0    21.6   13:54    11.2   23:15     02.3     00.0    02.6   04.0     33.3    23:59     ENE
13    12.9    17.1   16:50    08.1   23:58     05.4     00.0    00.0   10.8     40.7    16:56      NW
14    10.9    15.0   16:16    07.6   03:57     07.4     00.0    00.0   04.1     16.7    22:33     ENE
15    10.9    15.6   17:11    07.4   05:30     07.4     00.0    00.0   06.5     18.5    10:42      NE
16    13.0    15.1   15:37    09.6   00:16     05.3     00.0    00.0   05.4     22.2    23:14     ENE
17    12.7    18.8   16:17    08.4   06:09     05.6     00.0    00.0   05.5     18.5    01:21     ENE
18    14.7    20.4   16:34    09.3   06:08     03.6     00.0    00.0   05.4     16.7    15:35      NE
19    15.6    21.2   15:57    10.0   06:21     02.7     00.0    00.0   03.9     16.7    12:41     ENE
21    16.6    22.6   16:02    10.7   06:57     01.7     00.0    00.0   03.8     14.8    15:04     ENE
22    16.3    22.7   16:30    10.9   05:56     02.0     00.0    00.0   04.0     13.0    13:51      E 
23    15.4    19.9   14:51    11.4   07:38     02.9     00.0    00.0   02.7     11.1    15:19      SW
24    16.0    21.7   13:27    11.8   06:25     02.3     00.0    00.0   03.1     11.1    14:06     ENE
25    14.1    14.4   23:22    13.6   23:57     04.2     00.0    00.0   01.9     05.6    23:18     WNW
26    16.1    21.2   14:09    12.1   03:28     02.2     00.0    00.0   05.7     24.1    15:50      NE
27    13.3    19.3   12:15    10.0   02:13     05.0     00.0    10.1   06.5     37.0    00:17     NNE
28    13.6    19.4   17:19    10.0   04:38     04.7     00.0    03.1   05.8     31.5    18:19     NNE
29    14.0    17.2   17:51    12.0   00:00     04.3     00.0    00.0   06.5     22.2    19:45     ENE
30    14.1    19.1   18:29    11.1   04:59     04.2     00.0    01.2   06.6     24.1    15:03      NE
----------------------------------------------------------------------------------------------------------------------------------------------------------
15.9 (16.3)   30.7  day 09     07.4  day 15   084.1    013.9   021.6   05.1     44.4   day 04      NE
Max >=  30: 1
Min <=   30: 29
Max Rain: 10.1 ON 27-04-12
Days of Rain: 59 (> .2mm) 4 (> 2mm) 0 (> 20mm)