MONTHLY CLIMATOLOGICAL SUMMARY for APR. 2013

NAME: Lacrosse WS2800   CITY: Salcedo (VI) STATE: Italia
ELEV: 398 LAT: 045:45:30 LONG: -011:34:05

                            TEMPERATURE ( C), RAIN (mm), WIND SPEED (kmh)

                                               HEAT     COOL           AVG
      MEAN                                     DEG      DEG            WIND                      DOM
DAY   TEMP    HIGH   TIME     LOW    TIME      DAYS     DAYS    RAIN   SPEED   HIGH    TIME      DIR
----------------------------------------------------------------------------------------------------------------------------------------------------------
01    05.9    08.0   17:25    03.8   08:20     12.4     00.0    00.3   05.1     16.7    07:01      NE
02    07.4    10.8   15:58    04.8   02:33     10.9     00.0    00.0   04.4     16.7    13:03      SE
03    06.7    10.8   17:21    03.5   08:49     11.6     00.0    00.2   03.5     13.0    13:55      SW
05    07.4    09.5   13:19    05.5   06:51     10.9     00.0    29.7   05.3     33.3    08:11      NE
06    08.2    11.2   17:43    06.1   03:44     10.1     00.0    00.8   03.5     20.4    23:55     ENE
07    07.7    10.7   13:27    05.6   07:02     10.6     00.0    00.0   04.5     18.5    00:24     ENE
08    05.6    07.2   12:59    04.2   20:29     12.7     00.0    01.0   03.9     13.0    11:14     ENE
09    06.1    10.8   16:04    03.8   06:28     12.2     00.0    07.0   03.1     16.7    15:19      S 
10    08.1    11.6   17:06    04.4   06:51     10.2     00.0    00.0   03.7     14.8    23:56     ENE
11    09.7    12.4   17:34    07.3   02:07     08.6     00.0    03.3   04.0     13.0    22:59      NE
12    10.3    13.7   18:19    08.4   07:54     08.0     00.0    16.6   04.7     18.5    09:00      NE
13    13.3    16.8   17:54    09.7   06:06     05.0     00.0    00.0   03.9     16.7    13:47     ESE
14    14.7    18.4   16:55    10.8   06:31     03.6     00.0    00.0   04.6     16.7    14:08      SE
15    15.5    18.5   17:00    12.2   06:57     02.8     00.0    00.0   03.7     16.7    12:23     ENE
16    16.3    20.2   15:46    13.2   02:42     02.0     00.0    00.0   04.7     14.8    14:31     ENE
17    17.4    21.0   16:50    13.6   05:39     00.9     00.0    00.0   03.6     14.8    14:37      S 
18    18.6    22.7   17:39    15.2   05:47     00.0     00.3    00.0   03.9     20.4    15:18     SSE
19    18.5    21.9   15:02    15.0   22:51     00.0     00.2    01.0   06.2     25.9    23:58     ENE
20    14.1    17.0   02:17    11.8   17:34     04.2     00.0    12.9   17.7     40.7    09:40      NE
21    13.4    18.4   15:34    10.5   10:51     04.9     00.0    21.9   10.3     33.3    03:13     NNE
22    10.0    11.3   21:21    08.3   04:32     08.3     00.0    17.3   04.6     24.1    07:30      N 
23    12.2    15.9   15:39    09.6   06:41     06.1     00.0    01.0   04.6     22.2    16:05      NE
24    14.7    19.0   17:21    10.4   05:56     03.6     00.0    00.0   04.6     14.8    14:49     ESE
25    16.7    20.9   16:58    12.5   06:36     01.6     00.0    00.0   04.2     16.7    14:48      SE
26    16.6    18.8   16:55    14.8   23:57     01.7     00.0    00.0   03.4     20.4    15:09      E 
27    12.6    15.0   00:22    11.2   15:42     05.7     00.0    34.1   07.2     24.1    15:45     NNE
28    14.8    19.0   17:32    11.6   06:39     03.5     00.0    02.6   05.4     18.5    22:49     ENE
29    14.8    17.1   17:15    13.1   10:51     03.5     00.0    06.7   04.7     16.7    01:31     NNE
30    16.8    18.2   16:20    15.7   23:54     01.5     00.0    01.8   04.7     22.2    09:40      N 
----------------------------------------------------------------------------------------------------------------------------------------------------------
12.2 (12.5)   22.7  day 18     03.5  day 03   177.0    000.5   158.2   05.1     40.7   day 20      NE
Min <=   30: 29
Max Rain: 34.1 ON 27-04-13
Days of Rain: 21 (> .2mm) 10 (> 2mm) 3 (> 20mm)