MONTHLY CLIMATOLOGICAL SUMMARY for APR. 2014

NAME: Lacrosse WS2800   CITY: Salcedo (VI) STATE: Italia
ELEV: 398 LAT: 045:45:30 LONG: -011:34:05

                            TEMPERATURE ( C), RAIN (mm), WIND SPEED (kmh)

                                               HEAT     COOL           AVG
      MEAN                                     DEG      DEG            WIND                      DOM
DAY   TEMP    HIGH   TIME     LOW    TIME      DAYS     DAYS    RAIN   SPEED   HIGH    TIME      DIR
----------------------------------------------------------------------------------------------------------------------------------------------------------
01    14.5    19.6   16:33    10.1   06:47     03.8     00.0    00.0   03.7     14.8    21:39      N 
02    13.8    17.7   15:43    09.6   07:00     04.5     00.0    00.0   02.8     11.1    23:55     ENE
03    11.8    13.6   16:02    09.6   07:22     06.5     00.0    00.0   02.7     12.9    01:27      NE
04    12.8    16.0   00:00    10.0   05:51     05.5     00.0    00.0   06.5     22.2    11:46      NE
05    14.7    16.7   02:00    12.2   12:00     03.6     00.0    01.4   05.8     18.5    00:01     NNE
06    16.3    21.3   18:00    12.5   03:00     02.0     00.0    00.0   03.2     07.4    16:01     NNE
07    17.5    21.4   17:59    12.8   06:59     00.8     00.0    00.0   03.9     11.1    13:01     ENE
08    16.3    19.7   17:00    13.4   07:00     02.0     00.0    00.0   03.2     20.4    13:34     ENE
09    14.0    16.6   16:00    11.6   05:00     04.3     00.0    00.0   02.8     20.4    18:43     ENE
10    12.7    18.0   15:21    08.3   07:00     05.6     00.0    00.0   03.2     11.1    19:16      NE
11    11.8    14.0   13:55    09.4   05:04     06.5     00.0    00.0   04.1     12.9    17:56      NE
12    12.7    15.6   14:20    10.8   00:00     05.6     00.0    00.0   02.3     09.3    20:08     ENE
13    12.5    16.1   15:03    10.6   00:23     05.8     00.0    00.0   02.1     07.4    16:39     NNE
14    13.7    19.4   17:10    09.8   02:23     04.6     00.0    00.0   03.9     20.4    20:25      NE
15    12.1    16.5   17:12    08.8   23:44     06.2     00.0    00.0   06.8     33.3    20:05     NNE
16    11.0    15.6   15:08    05.5   05:02     07.3     00.0    00.0   04.7     20.4    13:10      W 
17    12.1    17.4   17:24    06.2   05:34     06.2     00.0    00.0   04.9     22.2    23:32     SSW
18    12.2    15.8   17:03    07.6   07:15     06.1     00.0    00.0   03.8     24.1    20:48      N 
19    12.7    16.0   14:28    10.1   03:18     05.6     00.0    00.0   08.7     29.6    10:53     NNE
20    12.6    16.3   13:09    10.3   05:14     05.7     00.0    00.0   05.6     20.4    21:45     ENE
21    11.1    12.3   18:32    10.0   09:00     07.2     00.0    04.1   01.9     16.6    00:02     NNE
22    13.1    17.9   18:05    09.1   06:23     05.2     00.0    00.7   02.4     12.9    13:07     WSW
23    15.6    21.2   15:37    11.0   06:18     02.7     00.0    01.8   04.6     37.0    17:20      NE
24    18.5    23.4   14:14    13.2   06:23     00.0     00.2    00.0   03.0     11.1    15:37      E 
25    18.1    23.2   15:59    13.0   06:10     00.2     00.0    00.0   04.1     20.4    23:47     NNE
26    17.4    21.8   14:49    14.4   23:45     00.9     00.0    00.0   04.3     18.5    17:12      NE
27    12.3    15.1   00:36    10.6   20:23     06.0     00.0    64.4   04.5     22.2    06:09     NNE
28    12.8    14.4   15:56    11.2   00:06     05.5     00.0    18.4   07.3     29.6    16:14      NE
29    15.6    19.5   19:12    11.8   05:49     02.7     00.0    01.4   04.9     20.4    19:56      N 
30    12.6    15.2   01:12    11.2   22:48     05.7     00.0    31.3   03.6     16.6    03:42      N 
----------------------------------------------------------------------------------------------------------------------------------------------------------
13.8 (14.0)   23.4  day 24     05.5  day 16   133.9    000.2   123.5   04.2     37.0   day 23     NNE
Min <=   30: 30
Max Rain: 64.4 ON 27-04-14
Days of Rain: 8 (> .2mm) 4 (> 2mm) 2 (> 20mm)