MONTHLY CLIMATOLOGICAL SUMMARY for APR. 2015

NAME: Lacrosse WS2800   CITY: Salcedo (VI) STATE: Italia
ELEV: 398 LAT: 045:45:30 LONG: -011:34:05

                            TEMPERATURE ( C), RAIN (mm), WIND SPEED (kmh)

                                               HEAT     COOL           AVG
      MEAN                                     DEG      DEG            WIND                      DOM
DAY   TEMP    HIGH   TIME     LOW    TIME      DAYS     DAYS    RAIN   SPEED   HIGH    TIME      DIR
----------------------------------------------------------------------------------------------------------------------------------------------------------
01    12.6    16.7   15:48    08.4   04:27     05.7     00.0    00.0   11.0     42.5    22:33      NW
02    11.1    15.7   18:28    06.0   07:01     07.2     00.0    00.0   04.5     18.5    23:53      NE
03    09.6    13.9   15:01    05.9   07:38     08.7     00.0    00.0   04.7     16.6    13:07      E 
04    07.4    09.5   13:30    05.4   00:00     10.9     00.0    00.0   05.0     18.5    21:03     ENE
05    07.0    11.4   15:25    05.1   01:23     11.3     00.0    00.0   05.0     37.0    17:15     NNE
06    07.1    10.9   14:26    02.2   06:42     11.2     00.0    00.0   05.0     22.2    23:40     WSW
07    09.2    14.0   16:39    04.5   04:55     09.1     00.0    00.0   07.3     27.8    02:32      N 
08    10.8    15.2   15:25    06.0   06:02     07.5     00.0    00.0   03.9     14.8    14:38     ENE
09    12.0    17.0   16:41    06.9   07:06     06.3     00.0    00.0   04.6     16.6    15:12      E 
10    12.8    17.7   17:01    09.4   07:23     05.5     00.0    00.0   03.7     12.9    17:00     ESE
11    12.2    17.8   16:48    07.2   07:04     06.1     00.0    00.0   04.4     14.8    21:21      E 
12    14.7    20.5   16:30    08.8   06:39     03.6     00.0    00.0   02.9     12.9    16:59     SSW
13    17.1    22.6   17:30    12.2   06:50     01.2     00.0    00.0   03.7     14.8    21:09      E 
14    16.3    20.4   16:51    13.6   08:04     02.0     00.0    00.0   04.3     12.9    20:43      NE
15    16.6    21.8   16:43    12.2   06:36     01.7     00.0    00.0   04.7     12.9    15:40      NE
16    16.1    20.5   15:06    10.8   07:05     02.2     00.0    00.0   03.9     20.4    22:10      NE
17    12.7    15.5   00:01    10.8   23:20     05.6     00.0    04.0   02.3     11.1    19:59     NNE
18    10.2    16.3   12:19    06.1   18:33     08.1     00.0    11.5   04.6     38.9    14:37      NE
19    09.0    13.4   17:47    04.7   06:35     09.3     00.0    00.0   04.4     12.9    13:11      NE
20    12.7    18.0   16:56    07.6   05:04     05.6     00.0    00.0   03.9     14.8    15:39      S 
21    16.3    21.4   17:53    11.0   06:35     02.0     00.0    00.0   05.0     22.2    16:08     WNW
22    17.9    22.3   16:15    12.6   05:39     00.4     00.0    00.0   04.8     14.8    23:50      NE
23    16.1    19.6   17:17    11.6   05:52     02.2     00.0    00.0   06.1     25.9    22:07      NE
24    13.9    17.5   18:06    10.4   06:26     04.4     00.0    00.0   03.9     12.9    21:28     NNE
25    13.7    16.3   14:48    11.0   02:39     04.6     00.0    00.0   03.7     11.1    12:07     ENE
26    13.4    16.3   13:50    10.5   06:33     04.9     00.0    00.7   04.5     16.6    21:09      NE
27    12.1    13.9   11:25    11.2   00:00     06.2     00.0    30.8   10.3     27.8    19:43      NE
28    13.2    16.2   17:42    11.2   06:46     05.1     00.0    08.1   03.0     14.8    00:02      NE
29    12.5    14.3   18:47    09.8   02:28     05.8     00.0    00.0   04.7     16.6    12:16      NE
30    13.2    17.0   15:59    10.8   08:13     05.1     00.0    00.4   04.0     20.4    23:21      NE
----------------------------------------------------------------------------------------------------------------------------------------------------------
12.6 (12.8)   22.6  day 13     02.2  day 06   169.5    000.0   056.2   04.8     42.6   day 18      NE
Min <=   30: 30
Max Rain: 30.8 ON 27-04-15
Days of Rain: 6 (> .2mm) 4 (> 2mm) 1 (> 20mm)