MONTHLY CLIMATOLOGICAL SUMMARY for APR. 2016

NAME: Lacrosse WS2800   CITY: Salcedo (VI) STATE: Italia
ELEV: 398 LAT: 045:45:30 LONG: -011:34:05

                            TEMPERATURE ( C), RAIN (mm), WIND SPEED (kmh)

                                               HEAT     COOL           AVG
      MEAN                                     DEG      DEG            WIND                      DOM
DAY   TEMP    HIGH   TIME     LOW    TIME      DAYS     DAYS    RAIN   SPEED   HIGH    TIME      DIR
--------------------------------------------------------------------------------------------------------
01    12.9    15.7   12:26    09.9   03:26     05.4     00.0    00.0   04.8     18.5    03:40      NE
02    14.3    18.4   16:33    10.5   06:48     04.0     00.0    00.0   03.3     11.1    17:04      NE
03    15.3    19.2   16:09    12.0   08:00     03.0     00.0    00.0   03.9     12.9    17:37     ENE
04    11.2    12.5   16:19    09.2   08:08     07.1     00.0    00.0   03.0     12.9    04:29     ENE
05    14.7    20.4   17:24    09.5   04:08     03.6     00.0    00.0   04.1     12.9    14:31     ENE
06    15.4    19.5   16:03    10.6   06:58     02.9     00.0    00.0   03.6     12.9    14:42     ENE
07    15.7    19.6   15:18    12.3   06:53     02.6     00.0    00.7   05.0     20.4    15:21      NE
08    14.6    17.2   14:29    09.8   00:00     03.7     00.0    26.6   05.4     22.2    00:36     NNW
09    10.6    12.2   15:28    09.3   04:28     07.7     00.0    11.7   02.7     09.3    16:58      NE
10    14.2    18.3   17:08    10.1   00:56     04.1     00.0    00.0   03.6     14.8    12:44      SE
11    15.4    20.4   17:19    10.4   07:08     02.9     00.0    00.0   04.2     16.6    13:16     ESE
12    15.2    20.8   15:59    10.0   06:48     03.1     00.0    00.0   05.2     24.1    22:03     ESE
13    15.0    19.4   16:36    10.6   07:02     03.3     00.0    13.3   05.2     18.5    22:30     ENE
14    13.8    18.0   13:31    10.8   08:10     04.5     00.0    02.9   09.2     24.1    00:12      N 
15    15.2    19.4   16:04    11.5   07:11     03.1     00.0    00.0   06.9     18.5    16:04      NE
16    15.5    20.8   17:22    10.6   06:21     02.8     00.0    00.0   05.6     18.5    21:31      NE
17    14.5    17.6   17:46    11.4   04:23     03.8     00.0    00.7   05.4     18.5    21:02     NNE
18    15.5    20.1   16:30    11.8   06:03     02.8     00.0    02.3   06.9     29.6    20:48     ENE
19    14.3    17.1   12:29    11.2   09:39     04.0     00.0    01.8   08.3     33.3    06:54     NNE
20    14.8    19.4   16:12    11.8   07:00     03.5     00.0    00.0   05.2     16.6    10:37     ENE
21    15.2    20.2   16:04    10.8   05:16     03.1     00.0    00.0   05.4     20.4    13:12     SSE
22    14.6    18.1   15:33    11.6   07:30     03.7     00.0    00.0   05.2     16.6    14:15      NE
23    13.1    15.5   16:08    10.6   23:25     05.2     00.0    09.2   05.0     16.6    20:15     NNE
24    09.1    11.2   09:37    05.9   22:57     09.2     00.0    06.3   06.2     24.1    16:19      NE
25    08.8    12.9   15:04    05.0   06:31     09.5     00.0    00.0   05.9     22.2    16:31      NE
26    09.2    12.0   12:03    06.6   01:12     09.1     00.0    02.5   06.5     22.2    10:59     NNE
27    10.7    16.3   15:17    06.1   00:00     07.6     00.0    00.0   05.9     25.9    16:13      SW
28    09.0    12.8   18:54    05.8   04:02     09.3     00.0    00.0   04.3     16.6    16:38      NE
29    12.4    16.7   15:50    07.0   06:49     05.9     00.0    00.0   04.5     14.8    15:56     ENE
--------------------------------------------------------------------------------------------------------
13.5 (13.5)   20.8  day 16     05.0  day 25   140.5    000.0   077.9   05.2     33.3   day 19      NE
Min <=   30: 29
Max Rain: 26.6 ON 8-04-16
Days of Rain: 11 (> .2mm) 8 (> 2mm) 1 (> 20mm)