MONTHLY CLIMATOLOGICAL SUMMARY for APR. 2017

NAME: Lacrosse WS2800   CITY: Salcedo (VI) STATE: Italia
ELEV: 398 LAT: 045:45:30 LONG: -011:34:05

                            TEMPERATURE ( C), RAIN (mm), WIND SPEED (kmh)

                                               HEAT     COOL           AVG
      MEAN                                     DEG      DEG            WIND                      DOM
DAY   TEMP    HIGH   TIME     LOW    TIME      DAYS     DAYS    RAIN   SPEED   HIGH    TIME      DIR
--------------------------------------------------------------------------------------------------------
01    14.7    18.2   14:41    11.7   22:32     03.6     00.0    00.0   07.1     27.8    16:00      NE
02    14.1    18.3   14:39    11.0   03:16     04.2     00.0    00.3   08.5     31.4    12:22     NNE
03    17.3    22.4   17:10    11.6   07:23     01.0     00.0    00.0   05.9     44.4    22:48     NNE
04    16.2    20.4   14:00    10.3   00:00     02.1     00.0    08.3   07.0     27.8    20:59      N 
05    11.2    16.0   17:55    08.5   09:13     07.1     00.0    17.8   05.2     33.3    02:55     NNW
06    12.8    16.3   16:12    09.6   07:13     05.5     00.0    00.0   04.0     16.6    11:10     ENE
07    11.2    13.7   17:35    09.4   08:38     07.1     00.0    00.0   05.0     29.6    01:52     ENE
08    14.1    20.0   16:49    08.8   05:16     04.2     00.0    00.0   04.2     12.9    21:21     SSE
09    15.1    20.1   15:30    10.8   07:27     03.2     00.0    00.0   04.0     14.8    15:10     ENE
10    15.8    21.0   15:43    12.0   06:04     02.5     00.0    01.4   04.3     16.6    22:10      E 
11    15.0    19.2   14:43    10.9   06:20     03.3     00.0    00.0   05.1     22.2    23:57      NE
12    14.7    19.0   15:41    11.7   08:00     03.6     00.0    00.0   06.3     22.2    01:55      NE
13    14.4    18.7   15:24    10.2   06:22     03.9     00.0    00.0   04.7     16.6    21:09      NE
14    16.3    19.9   14:19    13.8   07:24     02.0     00.0    00.0   04.6     16.6    14:00     ENE
15    14.0    16.2   14:37    12.4   00:00     04.3     00.0    01.8   05.6     18.5    14:14     NNE
16    13.6    19.0   15:55    09.5   00:00     04.7     00.0    00.3   05.9     31.4    00:00      NE
17    10.7    14.4   17:14    07.7   07:10     07.6     00.0    00.0   06.2     33.3    00:07      NE
18    07.5    09.6   08:52    04.5   22:11     10.8     00.0    03.6   07.0     37.0    09:22      NE
19    08.7    13.2   16:41    04.2   05:17     09.6     00.0    00.0   08.8     35.1    21:36     NNW
20    08.9    14.0   16:15    04.6   07:06     09.4     00.0    00.0   06.5     25.9    03:27     NNE
21    09.1    13.6   17:33    04.6   06:59     09.2     00.0    00.0   06.6     20.4    15:34      SE
22    10.1    15.7   17:57    04.7   06:29     08.2     00.0    00.0   04.3     16.6    12:50     ENE
23    11.1    15.8   16:12    06.7   06:58     07.2     00.0    00.0   04.8     16.6    14:50     ENE
24    11.4    14.5   14:32    10.0   06:39     06.9     00.0    00.0   04.8     14.8    23:38      NE
25    11.2    13.8   15:03    08.8   08:21     07.1     00.0    04.9   04.6     25.9    20:53     NNE
26    10.5    11.6   00:14    09.6   11:21     07.8     00.0    39.2   07.4     25.9    09:41     NNE
27    12.6    15.2   15:07    10.8   01:46     05.7     00.0    22.0   04.3     27.8    21:12      NE
28    10.6    12.3   13:12    07.9   00:00     07.7     00.0    03.8   08.8     33.3    11:10     SSW
29    10.7    15.2   15:20    05.9   06:31     07.6     00.0    00.0   05.0     18.5    16:11     ESE
30    11.3    16.2   16:00    06.8   06:32     07.0     00.0    00.0   04.0     16.6    13:06     ENE
--------------------------------------------------------------------------------------------------------
12.5 (12.7)   22.4  day 03     04.2  day 19   174.1    000.0   103.5   05.7     44.4   day 03      NE
Min <=   30: 30
Max Rain: 39.2 ON 26-04-17
Days of Rain: 11 (> .2mm) 7 (> 2mm) 2 (> 20mm)