MONTHLY CLIMATOLOGICAL SUMMARY for APR. 2018

NAME: Lacrosse WS2800   CITY: Salcedo (VI) STATE: Italia
ELEV: 398 LAT: 045:45:30 LONG: -011:34:05

                            TEMPERATURE ( C), RAIN (mm), WIND SPEED (kmh)

                                               HEAT     COOL           AVG
      MEAN                                     DEG      DEG            WIND                      DOM
DAY   TEMP    HIGH   TIME     LOW    TIME      DAYS     DAYS    RAIN   SPEED   HIGH    TIME      DIR
--------------------------------------------------------------------------------------------------------
01    11.1    16.1   12:53    05.0   02:36     07.2     00.0    01.5   08.9     35.1    19:17      W 
02    10.7    14.9   16:12    05.5   07:36     07.6     00.0    00.0   04.9     29.6    00:48     ENE
03    09.9    12.3   16:37    07.1   07:37     08.4     00.0    02.4   04.0     18.5    18:34      NE
04    08.5    09.8   17:45    06.9   06:08     09.8     00.0    20.5   04.6     22.2    21:47     NNE
05    11.1    15.2   14:04    07.6   03:16     07.2     00.0    13.7   04.5     16.6    22:03     NNE
06    12.2    16.2   14:01    07.8   06:50     06.1     00.0    00.0   03.2     18.5    13:14      SE
07    12.8    17.2   15:55    09.8   03:51     05.5     00.0    00.0   04.3     18.5    13:36     ENE
08    12.7    16.7   15:43    07.9   07:00     05.6     00.0    00.0   04.2     16.6    14:25     ENE
09    13.6    17.7   13:47    10.0   20:49     04.7     00.0    10.0   11.4     38.9    12:07     NNE
10    11.2    15.1   16:32    09.3   00:00     07.1     00.0    03.9   03.8     18.5    17:58     ESE
11    10.6    13.7   15:24    07.6   07:23     07.7     00.0    18.4   07.1     31.4    23:43     NNE
12    10.6    12.7   17:00    09.0   00:00     07.7     00.0    20.5   14.2     38.9    02:22     NNE
13    11.1    16.5   16:48    06.7   06:54     07.2     00.0    34.2   05.5     16.6    22:55     ENE
14    14.0    18.5   18:11    08.3   06:22     04.3     00.0    00.0   04.0     22.2    23:36      NE
15    17.2    21.2   12:52    13.8   00:00     01.1     00.0    01.1   07.3     27.8    21:24      N 
16    16.7    21.6   16:39    12.5   04:23     01.6     00.0    00.0   04.9     25.9    20:09     NNE
17    17.4    21.6   15:12    13.0   05:50     00.9     00.0    00.0   03.9     12.9    11:20     ENE
18    18.5    23.4   17:13    14.8   06:20     00.0     00.2    00.0   04.4     14.8    14:28      E 
19    19.2    23.9   17:43    13.9   07:08     00.0     00.9    00.0   05.7     18.5    02:57     NNE
20    21.7    26.6   17:46    16.3   05:43     00.0     03.4    00.0   04.6     14.8    01:34      N 
21    21.0    25.0   17:57    17.4   07:05     00.0     02.7    00.0   04.4     16.6    12:46     ENE
22    18.3    23.5   17:52    13.5   06:23     00.0     00.0    00.0   04.6     14.8    15:52     ENE
23    17.6    23.1   16:24    13.2   07:07     00.7     00.0    00.0   03.2     14.8    16:47     ESE
24    18.7    23.6   16:07    13.7   06:49     00.0     00.4    00.0   04.1     14.8    13:39     ENE
25    18.9    23.7   16:25    14.5   06:57     00.0     00.6    00.0   05.1     24.1    21:16      NE
26    18.4    22.9   14:25    13.7   06:29     00.0     00.1    00.0   04.6     22.2    21:45      NE
27    16.9    21.2   18:33    13.4   05:52     01.4     00.0    00.0   06.7     29.6    03:51      NE
28    19.0    23.7   15:08    14.5   06:21     00.0     00.7    00.0   04.0     12.9    22:58     ENE
29    18.5    22.6   16:44    15.1   06:13     00.0     00.2    03.9   04.3     22.2    19:16     NNE
30    16.6    19.9   15:36    13.0   07:00     01.7     00.0    04.1   10.0     31.4    15:04      S 
--------------------------------------------------------------------------------------------------------
15.2 (15.2)   26.6  day 20     05.0  day 01   103.4    009.3   134.4   05.5     38.9   day 12      NE
Min <=   30: 30
Max Rain: 34.2 ON 13-04-18
Days of Rain: 12 (> .2mm) 10 (> 2mm) 3 (> 20mm)