MONTHLY CLIMATOLOGICAL SUMMARY for APR. 2019 NAME: CITY: STATE: ELEV: LAT: LONG: TEMPERATURE ( °C), RAIN (mm), WIND SPEED (kmh) HEAT COOL AVG MEAN DEG DEG WIND DOM DAY TEMP HIGH TIME LOW TIME DAYS DAYS RAIN SPEED HIGH TIME DIR -------------------------------------------------------------------------------------------------------- 01 16.2 20.0 17:42 12.5 06:39 02.1 00.0 00.0 07.2 25.9 11:07 NE 02 15.2 18.6 17:08 11.4 06:28 03.1 00.0 00.0 04.1 24.1 01:04 NE 03 11.0 15.3 14:27 08.6 21:03 07.3 00.0 14.1 09.9 27.8 19:28 NE 04 09.6 11.4 16:12 08.5 07:13 08.7 00.0 65.3 21.3 48.1 17:16 NE 05 08.6 10.9 17:37 06.6 07:56 09.7 00.0 15.6 05.0 24.1 11:27 NE 06 08.6 10.9 17:16 06.8 06:27 09.7 00.0 00.0 03.1 12.9 02:50 NNE 07 09.7 12.6 17:03 06.8 07:24 08.6 00.0 00.0 02.2 11.1 02:22 NNE 08 10.1 12.4 22:58 07.8 07:13 08.2 00.0 02.1 02.3 12.9 20:14 WNW 09 11.4 14.2 15:46 10.0 12:05 06.9 00.0 04.5 02.9 14.8 09:47 NW 10 11.7 16.3 15:01 08.5 00:00 06.6 00.0 27.6 05.2 22.2 18:48 NNE 11 09.1 10.4 16:26 08.4 01:56 09.2 00.0 27.6 04.8 24.1 10:35 NNE 12 08.9 11.5 14:37 07.3 00:00 09.4 00.0 06.6 02.9 14.8 17:56 NNE 13 07.9 11.3 17:17 05.9 07:25 10.4 00.0 00.0 03.0 12.9 14:24 SSW 14 07.5 09.5 22:29 06.0 06:59 10.8 00.0 02.6 08.1 31.4 11:26 NNE 15 11.0 16.6 16:57 06.7 05:01 07.3 00.0 00.0 03.4 16.6 14:42 WSW 16 12.8 17.2 15:34 08.6 07:02 05.5 00.0 00.0 04.1 16.6 14:38 ESE 17 14.5 19.7 16:35 09.1 07:01 03.8 00.0 00.0 03.9 14.8 12:45 ESE 18 14.6 18.4 15:59 11.2 06:59 03.7 00.0 00.0 05.9 27.8 02:52 NE 19 15.1 18.6 17:54 11.4 06:46 03.2 00.0 00.0 05.3 16.6 11:36 ENE 20 16.8 21.2 16:35 12.0 07:07 01.5 00.0 00.0 04.6 16.6 14:02 ENE 21 16.4 21.2 15:15 13.0 06:55 01.9 00.0 00.0 03.8 16.6 21:51 NE 22 13.7 17.1 15:26 10.2 05:13 04.6 00.0 00.0 08.2 33.3 23:53 NE 23 10.8 12.8 00:14 09.8 10:00 07.5 00.0 61.8 16.8 42.5 07:09 NNE 24 13.3 17.5 15:37 11.1 03:41 05.0 00.0 19.2 07.3 27.8 18:57 NE 25 14.0 18.3 14:06 11.1 04:44 04.3 00.0 07.5 03.8 18.5 20:23 NE 26 12.5 16.5 16:24 08.4 23:46 05.8 00.0 15.4 05.5 29.6 19:26 NE 27 13.1 19.1 17:16 07.4 04:47 05.2 00.0 00.0 05.8 22.2 21:38 E -------------------------------------------------------------------------------------------------------- 12.0 (12.3) 21.2 day 21 05.9 day 13 170.0 000.0 270.3 05.9 48.1 day 04 NE Min <= 30: 27 Max Rain: 65.3 ON 4-04-19 Days of Rain: 13 (> .2mm) 13 (> 2mm) 4 (> 20mm)