MONTHLY CLIMATOLOGICAL SUMMARY for MAY. 2011

NAME: Lacrosse WS2800   CITY: Salcedo (VI) STATE: Italia
ELEV: 398 LAT: 045:45:30 LONG: -011:34:05

                            TEMPERATURE ( C), RAIN (mm), WIND SPEED (kmh)

                                               HEAT     COOL           AVG
      MEAN                                     DEG      DEG            WIND                       DOM
DAY   TEMP    HIGH   TIME     LOW    TIME      DAYS     DAYS    RAIN   SPEED    HIGH    TIME      DIR
----------------------------------------------------------------------------------------------------------------------------------------------------------
01    15.8    22.2   14:22    10.5   05:42     02.5     00.0    00.0   04.8     18.5    20:22     NNE
02    15.3    20.2   15:45    12.0   06:05     03.0     00.0    00.0   04.9     18.5    00:29      NE
03    18.9    22.0   16:25    14.4   00:25     00.0     00.6    00.0   06.6     18.5    23:31      SE
04    12.4    16.9   20:14    10.2   06:00     05.9     00.0    03.1   07.0     37.0    01:11     ENE
05    13.4    18.8   16:39    09.1   06:27     04.9     00.0    00.0   06.5     25.9    00:30     ENE
07    19.6    25.5   17:04    11.2   11:02     00.0     01.3    00.0   06.1     16.7    21:51     ENE
08    19.7    25.7   16:36    12.8   00:00     00.0     01.4    00.0   07.9     35.2    19:58     ENE
09    18.1    22.4   16:08    12.0   00:50     00.2     00.0    00.0   06.3     16.7    16:25      S 
10    19.5    24.7   16:13    13.5   01:42     00.0     01.2    00.0   04.9     22.2    16:28     SSW
11    21.3    26.3   14:42    15.6   06:02     00.0     03.0    00.0   03.4     13.0    15:04      NE
12    22.1    29.1   16:31    18.1   06:52     00.0     03.8    00.0   04.5     20.4    22:08      NE
14    21.0    26.0   14:59    13.2   05:46     00.0     02.7    11.7   06.4     22.2    05:57      S 
15    12.1    17.4   00:01    08.9   23:59     06.2     00.0    17.8   07.7     38.9    10:41     NNW
16    15.1    21.5   17:48    07.5   03:07     03.2     00.0    00.0   04.6     16.7    20:58      NE
17    17.7    23.5   17:08    11.8   05:09     00.6     00.0    00.0   04.1     20.4    13:10     SSW
18    19.9    25.2   14:39    14.8   05:43     00.0     01.6    00.0   04.8     16.7    16:30     ENE
19    21.6    27.0   17:14    16.5   06:05     00.0     03.3    00.0   04.9     14.8    14:05      NE
20    21.6    28.1   15:56    16.2   06:06     00.0     03.3    00.0   04.9     20.4    14:02      E 
21    22.5    28.9   16:47    17.0   06:07     00.0     04.2    08.2   04.3     31.5    21:02      E 
22    22.8    28.4   16:04    17.0   05:41     00.0     04.5    00.0   04.7     24.1    23:40      NE
23    25.4    30.2   16:58    21.2   06:36     00.0     07.1    00.0   05.1     18.5    17:08      E 
24    23.7    26.0   20:03    22.7   23:29     00.0     05.4    00.0   03.2     07.4    23:56      N 
25    25.4    31.2   13:48    20.4   03:52     00.0     07.1    00.0   06.0     31.5    04:10     ENE
26    23.8    29.5   16:30    18.8   06:16     00.0     05.5    00.0   05.3     27.8    02:21     ENE
27    20.1    24.4   11:23    11.7   00:00     00.0     01.8    38.5   06.4     44.4    15:38      NE
28    15.5    21.6   16:23    10.7   00:22     02.8     00.0    06.5   05.3     35.2    02:47      N 
29    19.0    24.9   18:21    12.8   05:16     00.0     00.7    00.0   04.0     13.0    18:08     SSW
30    21.5    26.9   15:34    16.4   05:48     00.0     03.2    00.0   04.6     14.8    18:06     ENE
31    22.3    27.2   16:49    16.6   05:41     00.0     04.0    00.0   04.6     18.5    13:54     ESE
----------------------------------------------------------------------------------------------------------------------------------------------------------
19.5 (19.6)   31.2  day 25     07.5  day 16   029.5    065.6   086.0   05.3     44.4   day 27     ENE
Max >=  30: 2
Min <=   30: 29
Max Rain: 38.5 ON 27-05-12
Days of Rain: 6 (> .2mm) 6 (> 2mm) 1 (> 20mm)