MONTHLY CLIMATOLOGICAL SUMMARY for MAY. 2015

NAME: Lacrosse WS2800   CITY: Salcedo (VI) STATE: Italia
ELEV: 398 LAT: 045:45:30 LONG: -011:34:05

                            TEMPERATURE ( C), RAIN (mm), WIND SPEED (kmh)

                                               HEAT     COOL           AVG
      MEAN                                     DEG      DEG            WIND                      DOM
DAY   TEMP    HIGH   TIME     LOW    TIME      DAYS     DAYS    RAIN   SPEED   HIGH    TIME      DIR
----------------------------------------------------------------------------------------------------------------------------------------------------------
01    11.0    12.2   13:43    10.4   10:21     07.3     00.0    05.8   02.5     18.5    00:09     ENE
02    13.2    16.8   16:29    10.4   07:24     05.1     00.0    00.0   02.9     18.5    23:55     ENE
03    14.1    15.0   17:39    12.4   07:54     04.2     00.0    01.1   03.0     16.6    01:27      NE
06    16.1    21.1   19:11    13.6   02:40     02.2     00.0    00.0   16.9     125.8    19:02     NNE
07    19.7    23.9   17:04    15.8   04:33     00.0     01.4    00.0   04.5     18.5    11:25     ENE
08    19.9    25.0   16:35    15.2   06:07     00.0     01.6    27.2   04.4     22.2    22:40      NE
09    19.2    24.3   14:41    15.4   06:21     00.0     00.9    00.7   05.1     29.6    15:35     NNW
10    20.4    25.2   17:31    14.9   04:54     00.0     02.1    00.0   06.0     18.5    22:30     WSW
11    20.0    25.6   17:15    15.4   05:41     00.0     01.7    00.0   03.3     11.1    13:37      NE
12    19.6    24.6   17:22    15.2   05:05     00.0     01.3    00.0   03.8     11.1    20:59      NE
13    18.9    23.6   17:02    14.4   06:14     00.0     00.6    00.0   03.0     16.6    21:08     ENE
14    18.8    22.9   14:28    15.1   06:38     00.0     00.5    00.0   05.1     27.8    22:30      NE
15    15.8    18.1   02:49    14.0   10:45     02.5     00.0    18.4   11.0     37.0    15:33     NNE
16    19.5    23.9   15:20    15.3   02:46     00.0     01.2    00.0   04.3     18.5    14:14     ENE
17    21.2    25.8   16:35    16.6   05:32     00.0     02.9    00.0   04.2     16.6    11:14     ENE
18    21.0    25.7   16:20    16.2   06:10     00.0     02.7    00.0   04.7     14.8    11:41      NE
19    20.1    24.1   14:33    16.0   22:39     00.0     01.8    12.8   05.6     22.2    21:27      NE
20    15.8    19.2   17:32    12.0   23:33     02.5     00.0    24.3   04.3     20.4    07:15      N 
21    12.6    15.7   16:04    09.6   23:02     05.7     00.0    51.8   05.3     33.3    20:43      N 
22    13.0    15.3   09:53    10.3   00:02     05.3     00.0    03.6   04.3     22.2    23:26     NNW
23    12.5    14.3   09:00    11.3   13:45     05.8     00.0    11.5   03.4     12.9    01:21     NNW
24    16.0    20.5   18:31    10.9   05:55     02.3     00.0    00.7   03.3     12.9    17:09     SSW
25    17.1    22.0   17:31    13.3   21:30     01.2     00.0    00.0   04.3     25.9    22:38      N 
26    15.2    18.8   13:41    12.7   05:44     03.1     00.0    08.1   04.2     40.7    15:13     NNW
27    15.8    20.0   15:39    12.8   06:21     02.5     00.0    01.1   04.3     14.8    14:32     ENE
28    15.8    19.9   18:48    10.8   06:09     02.5     00.0    00.0   04.6     14.8    21:55     ENE
29    17.1    21.8   16:36    13.0   04:26     01.2     00.0    00.0   03.3     12.9    14:24     ENE
30    18.7    22.8   16:47    14.6   05:43     00.0     00.4    00.7   04.3     16.6    22:10     ENE
31    18.4    22.2   16:02    15.5   03:40     00.0     00.1    01.8   03.5     18.5    10:40      NE
----------------------------------------------------------------------------------------------------------------------------------------------------------
17.1 (17.3)   25.8  day 17     09.6  day 21   053.5    019.3   171.2   04.8     125.8   day 06     NNE
Min <=   30: 29
Max Rain: 51.8 ON 21-05-15
Days of Rain: 15 (> .2mm) 9 (> 2mm) 3 (> 20mm)