MONTHLY CLIMATOLOGICAL SUMMARY for MAY. 2016

NAME: Lacrosse WS2800   CITY: Salcedo (VI) STATE: Italia
ELEV: 398 LAT: 045:45:30 LONG: -011:34:05

                            TEMPERATURE ( C), RAIN (mm), WIND SPEED (kmh)

                                               HEAT     COOL           AVG
      MEAN                                     DEG      DEG            WIND                      DOM
DAY   TEMP    HIGH   TIME     LOW    TIME      DAYS     DAYS    RAIN   SPEED   HIGH    TIME      DIR
--------------------------------------------------------------------------------------------------------
01    10.9    13.4   18:18    08.6   08:30     07.4     00.0    09.2   04.7     22.2    09:20     NNE
02    13.8    17.6   16:26    11.2   07:16     04.5     00.0    01.8   04.6     18.5    09:05     NNW
03    16.6    20.6   14:02    12.3   06:32     01.7     00.0    00.4   05.0     22.2    23:45     NNE
04    17.4    21.9   16:12    11.3   23:50     00.9     00.0    05.9   10.2     38.9    23:04     NNW
05    14.7    19.4   16:40    09.7   05:42     03.6     00.0    01.8   07.5     27.8    00:44     NNE
06    17.4    21.2   16:43    13.7   06:34     00.9     00.0    00.0   06.1     14.8    03:47     NNE
07    17.5    21.7   16:35    12.3   04:37     00.8     00.0    00.0   05.1     14.8    12:06      NE
08    17.3    21.9   14:00    12.0   05:55     01.0     00.0    00.0   04.6     14.8    17:46     ENE
09    16.3    19.7   15:32    13.9   08:47     02.0     00.0    00.0   02.8     12.9    15:42     WNW
10    15.7    18.8   18:19    13.2   08:10     02.6     00.0    01.1   03.9     14.8    21:21     NNE
11    13.2    15.0   00:09    12.2   00:00     05.1     00.0    27.9   04.5     25.9    13:50      N 
12    14.5    20.0   15:39    11.7   08:06     03.8     00.0    45.2   06.9     29.6    16:28     SSW
13    13.3    15.8   17:33    10.1   05:34     05.0     00.0    01.1   04.0     11.1    23:14      NE
14    14.1    17.7   13:48    12.4   19:26     04.2     00.0    07.6   03.7     20.4    17:28      N 
15    13.1    17.5   11:45    09.2   00:00     05.2     00.0    09.9   06.9     25.9    23:37      NE
16    12.1    15.6   14:13    08.6   06:24     06.2     00.0    00.5   06.4     25.9    16:06     NNE
17    13.6    17.6   17:40    08.8   05:55     04.7     00.0    03.6   03.8     14.8    14:36      S 
18    14.9    18.8   16:07    11.7   02:49     03.4     00.0    00.0   04.7     16.6    23:45      NE
19    12.5    14.6   01:12    10.8   17:37     05.8     00.0    18.4   07.3     24.1    18:15      N 
20    17.4    22.3   16:46    11.6   06:02     00.9     00.0    00.0   05.1     18.5    15:55      S 
21    19.2    23.6   16:56    13.9   06:03     00.0     00.9    00.0   04.8     14.8    15:25     ENE
22    20.5    25.2   16:32    16.4   05:55     00.0     02.2    00.0   04.3     14.8    16:06     ESE
23    15.3    18.4   00:41    11.0   15:06     03.0     00.0    16.9   08.5     29.6    14:16     NNE
24    15.5    20.4   15:57    11.2   02:22     02.8     00.0    00.0   04.5     14.8    15:00      E 
25    17.8    22.3   17:26    12.5   06:15     00.5     00.0    00.0   05.0     16.6    22:30      NE
26    19.8    24.8   18:14    14.3   05:46     00.0     01.5    00.0   04.3     12.9    16:59      E 
27    21.2    25.7   14:01    16.7   05:59     00.0     02.9    00.0   04.0     12.9    14:30      E 
28    21.4    25.7   17:05    17.1   06:29     00.0     03.1    00.0   04.4     12.9    16:13     ENE
29    17.4    20.6   12:07    13.9   00:00     00.9     00.0    20.3   04.8     18.5    20:25     NNE
30    16.0    20.8   17:48    13.7   06:39     02.3     00.0    09.5   05.5     20.4    15:18     ENE
31    16.7    21.6   14:32    13.9   23:39     01.6     00.0    00.4   04.8     25.9    15:42     SSE
--------------------------------------------------------------------------------------------------------
16.0 (16.1)   25.7  day 28     08.6  day 16   080.9    010.5   181.6   05.2     38.9   day 04     NNE
Min <=   30: 31
Max Rain: 45.2 ON 12-05-16
Days of Rain: 18 (> .2mm) 11 (> 2mm) 3 (> 20mm)