MONTHLY CLIMATOLOGICAL SUMMARY for MAY. 2017

NAME: Lacrosse WS2800   CITY: Salcedo (VI) STATE: Italia
ELEV: 398 LAT: 045:45:30 LONG: -011:34:05

                            TEMPERATURE ( C), RAIN (mm), WIND SPEED (kmh)

                                               HEAT     COOL           AVG
      MEAN                                     DEG      DEG            WIND                      DOM
DAY   TEMP    HIGH   TIME     LOW    TIME      DAYS     DAYS    RAIN   SPEED   HIGH    TIME      DIR
--------------------------------------------------------------------------------------------------------
01    10.4    14.9   13:28    06.6   21:31     07.9     00.0    15.2   06.8     25.9    13:55     NNE
02    11.3    15.6   16:22    05.8   05:17     07.0     00.0    00.0   05.2     18.5    14:25     ENE
03    11.3    15.1   16:14    08.6   08:28     07.0     00.0    06.2   03.6     12.9    15:48      W 
04    11.3    15.0   15:25    09.4   06:50     07.0     00.0    03.0   04.9     22.2    16:10     NNE
05    13.5    19.3   16:10    08.1   06:50     04.8     00.0    00.0   05.3     20.4    16:10     SSE
06    12.5    15.2   16:11    09.6   00:00     05.8     00.0    08.9   03.7     16.6    14:41     NNE
07    12.2    14.5   22:10    09.0   04:49     06.1     00.0    01.8   04.3     16.6    17:49     NNE
08    14.5    18.7   16:55    11.6   02:29     03.8     00.0    00.6   03.8     18.5    18:11     WSW
09    13.3    17.4   16:05    10.9   00:00     05.0     00.0    19.9   05.8     22.2    00:00     NNE
10    10.5    13.7   14:07    07.8   08:11     07.8     00.0    03.8   07.4     31.4    00:58     NNE
11    13.2    16.9   13:08    10.5   06:34     05.1     00.0    00.0   07.6     25.9    17:19      NE
12    16.4    21.8   15:54    12.4   05:10     01.9     00.0    02.4   06.0     25.9    16:33     SSE
13    17.3    22.4   16:41    12.4   06:18     01.0     00.0    00.9   06.8     22.2    22:33      NE
14    18.0    22.8   16:46    13.4   05:33     00.3     00.0    30.2   05.4     25.9    23:33      NE
15    17.4    23.8   16:26    14.1   00:37     00.9     00.0    04.5   08.3     29.6    07:57      N 
16    19.5    24.3   15:55    14.4   04:17     00.0     01.2    00.0   04.1     16.6    15:04     SSW
17    20.6    24.2   14:31    16.2   06:11     00.0     02.3    00.0   04.4     16.6    14:12      NE
18    20.4    24.4   15:13    17.8   06:44     00.0     02.1    00.0   05.0     18.5    04:33     NNE
19    17.5    22.0   14:43    14.2   17:50     00.8     00.0    17.7   04.7     35.1    16:00     NNE
20    14.4    18.0   10:49    12.0   17:02     03.9     00.0    02.2   04.2     33.3    16:16      NE
21    18.8    24.0   17:41    12.7   05:51     00.0     00.5    00.0   04.1     16.6    12:12     ESE
22    20.3    25.2   16:41    15.9   06:33     00.0     02.0    00.0   05.5     22.2    22:13      E 
23    21.0    26.2   16:56    16.0   06:06     00.0     02.7    00.0   04.8     16.6    22:23     NNE
24    21.1    25.1   17:24    18.2   04:45     00.0     02.8    00.0   05.2     22.2    20:41      NE
25    17.8    20.6   15:27    16.0   00:00     00.5     00.0    00.0   05.8     16.6    03:07     NNE
26    18.8    23.3   17:14    14.4   05:11     00.0     00.5    00.0   03.9     16.6    15:49     ESE
27    21.5    26.6   16:00    16.9   02:34     00.0     03.2    00.0   03.9     14.8    16:38      S 
28    22.4    27.1   16:59    18.1   06:27     00.0     04.1    00.0   04.4     14.8    14:41     ENE
29    22.6    27.5   18:06    17.9   03:38     00.0     04.3    00.0   04.9     14.8    21:15     ENE
30    22.5    27.8   17:20    18.4   06:26     00.0     04.2    00.0   03.6     16.6    14:46      E 
31    21.8    26.0   17:18    18.2   06:31     00.0     03.5    00.0   03.9     12.9    23:26      NE
--------------------------------------------------------------------------------------------------------
16.9 (17.2)   27.8  day 30     05.8  day 02   076.6    033.5   117.3   05.1     35.2   day 19      NE
Min <=   30: 31
Max Rain: 30.2 ON 14-05-17
Days of Rain: 14 (> .2mm) 11 (> 2mm) 1 (> 20mm)