MONTHLY CLIMATOLOGICAL SUMMARY for MAY. 2019

NAME:    CITY:  STATE: 
ELEV:  LAT:  LONG: 

                            TEMPERATURE ( C), RAIN (mm), WIND SPEED (kmh)

                                               HEAT     COOL           AVG
      MEAN                                     DEG      DEG            WIND                      DOM
DAY   TEMP    HIGH   TIME     LOW    TIME      DAYS     DAYS    RAIN   SPEED   HIGH    TIME      DIR
--------------------------------------------------------------------------------------------------------
02    15.8    18.4   18:24    13.0   18:00     02.5     00.0    00.0   05.0     14.8    00:00     ENE
03    11.8    14.2   10:52    10.4   00:00     06.5     00.0    05.6   06.2     18.5    00:20     NNE
04    10.6    13.7   15:12    09.1   05:22     07.7     00.0    16.8   05.3     22.2    22:08     NNE
05    06.1    09.3   00:03    03.9   08:11     12.2     00.0    50.5   04.8     44.4    13:59     NNW
06    09.8    14.2   17:29    04.9   00:19     08.5     00.0    00.0   04.4     16.6    13:07     ESE
07    09.8    13.0   16:00    06.0   04:46     08.5     00.0    00.0   03.9     14.8    05:58      NE
08    09.9    12.2   13:38    08.1   00:00     08.4     00.0    04.9   03.4     11.1    23:11      NE
09    11.4    16.5   17:12    07.8   05:02     06.9     00.0    09.0   05.1     22.2    21:28      NE
10    14.1    17.8   15:47    10.3   03:22     04.2     00.0    00.8   04.3     18.5    23:54      NE
11    13.0    15.2   16:27    08.9   23:25     05.3     00.0    35.6   09.2     44.4    23:44     NNE
12    10.4    15.2   00:00    08.2   09:09     07.9     00.0    21.6   08.9     46.3    00:26     NNW
13    13.9    16.2   12:01    12.3   04:39     04.4     00.0    00.0   07.2     29.6    08:46      N 
14    10.0    13.4   01:38    05.3   23:59     08.3     00.0    00.4   03.1     14.8    16:32     ENE
15    08.1    12.8   18:40    05.3   00:27     10.2     00.0    00.4   03.0     12.9    04:23      SW
16    11.7    15.2   17:12    07.5   06:28     06.6     00.0    00.8   03.2     16.6    10:20     ENE
17    13.2    16.6   17:08    10.4   06:20     05.1     00.0    00.0   05.1     14.8    15:29     ENE
18    11.3    12.9   11:49    09.8   22:43     07.0     00.0    34.1   04.1     20.4    12:58      N 
19    10.8    12.8   19:08    09.4   05:59     07.5     00.0    92.9   03.8     20.4    13:01      N 
20    11.8    13.6   10:58    10.1   05:03     06.5     00.0    07.4   03.6     12.9    19:59      NE
21    12.3    14.0   19:00    10.7   05:55     06.0     00.0    00.4   02.7     12.9    16:21      NE
22    14.7    18.3   16:52    12.0   07:20     03.6     00.0    00.0   02.5     14.8    21:34     NNE
23    16.9    21.2   18:26    12.0   06:15     01.4     00.0    00.0   03.4     12.9    23:59      SE
24    17.7    22.1   17:06    14.0   05:41     00.6     00.0    00.6   04.6     18.5    22:36     NNE
25    17.4    21.5   13:54    15.1   05:52     00.9     00.0    01.0   02.3     14.8    14:31     ESE
26    17.9    22.4   15:53    14.6   05:35     00.4     00.0    00.0   03.5     18.5    15:44      E 
27    13.3    16.0   00:42    11.8   11:47     05.0     00.0    17.3   03.1     12.9    14:19      NE
28    14.5    17.9   13:25    12.0   23:07     03.8     00.0    34.3   04.8     29.6    00:00     WNW
29    12.7    15.2   14:03    10.9   07:01     05.6     00.0    09.7   02.8     29.6    00:01      NW
30    14.3    17.7   12:49    10.8   06:12     04.0     00.0    00.0   03.0     12.9    17:27      NE
31    17.1    22.0   16:25    12.0   05:33     01.2     00.0    00.0   04.2     16.6    17:17     SSW
--------------------------------------------------------------------------------------------------------
12.7 (13.0)   22.4  day 26     03.9  day 05   166.9    000.0   344.7   04.3     46.3   day 11     NNE
Min <=   30: 30
Max Rain: 92.9 ON 19-05-19
Days of Rain: 20 (> .2mm) 13 (> 2mm) 6 (> 20mm)