MONTHLY CLIMATOLOGICAL SUMMARY for JUN. 2011

NAME: Lacrosse WS2800   CITY: Salcedo (VI) STATE: Italia
ELEV: 398 LAT: 045:45:30 LONG: -011:34:05

                            TEMPERATURE ( C), RAIN (mm), WIND SPEED (kmh)

                                               HEAT     COOL           AVG
      MEAN                                     DEG      DEG            WIND                       DOM
DAY   TEMP    HIGH   TIME     LOW    TIME      DAYS     DAYS    RAIN   SPEED    HIGH    TIME      DIR
----------------------------------------------------------------------------------------------------------------------------------------------------------
01    19.2    22.9   14:02    17.0   07:38     00.0     00.9    00.7   04.2     25.9    22:05     NNE
02    21.6    27.4   16:08    17.4   01:25     00.0     03.3    00.8   05.1     27.8    23:11     NNE
03    21.0    26.4   07:59    16.6   23:03     00.0     02.7    06.2   04.1     42.6    22:59      N 
04    22.2    27.7   16:47    17.4   22:45     00.0     03.9    01.8   08.0     25.9    20:15      NE
05    20.0    25.2   15:17    14.7   21:36     00.0     01.7    13.7   06.9     25.9    19:56      NE
06    17.0    21.8   14:49    14.9   03:19     01.3     00.0    03.6   04.2     18.5    13:16      NE
07    16.2    18.7   12:33    14.4   14:21     02.1     00.0    55.5   03.8     25.9    15:07     NNW
08    17.7    22.8   14:14    14.7   06:35     00.6     00.0    13.9   06.0     31.5    14:43     SSE
09    16.8    21.8   17:14    15.3   05:21     01.5     00.0    25.5   03.0     20.4    18:44      N 
10    18.9    24.4   17:04    15.4   05:30     00.0     00.6    00.3   03.6     16.7    11:56      NE
11    17.8    22.8   14:33    13.1   09:55     00.5     00.0    29.1   03.5     18.5    10:36     NNW
12    20.7    25.1   13:52    16.4   05:00     00.0     02.4    00.0   03.8     14.8    16:41     NNE
13    18.6    21.6   13:41    16.0   07:57     00.0     00.3    09.9   04.5     20.4    04:18      N 
14    21.1    24.9   11:46    16.5   02:24     00.0     02.8    00.0   03.9     16.7    04:43      N 
15    24.4    27.4   14:26    19.6   08:00     00.0     06.1    05.1   04.0     13.0    23:39     ENE
16    25.3    29.2   17:07    21.1   00:01     00.0     07.0    00.0   06.5     18.5    21:24      SE
17    21.4    24.2   07:36    19.4   16:07     00.0     03.1    01.8   04.7     18.5    16:28      NE
18    21.5    25.6   14:50    17.9   05:30     00.0     03.2    00.3   05.0     22.2    21:33     ENE
19    19.0    24.0   08:10    14.3   02:37     00.0     00.7    08.8   07.6     31.5    02:34     ENE
20    20.3    26.2   17:06    14.3   05:41     00.0     02.0    00.0   04.4     14.8    11:11     ENE
21    23.6    27.8   16:01    18.5   00:55     00.0     05.3    00.0   04.6     13.0    14:04      E 
22    25.0    29.9   16:56    20.4   07:00     00.0     06.7    00.7   04.1     11.1    23:53     ENE
23    23.3    28.2   14:19    18.6   05:52     00.0     05.0    02.6   04.8     25.9    17:41     SSE
24    20.6    25.2   10:42    17.3   23:56     00.0     02.3    00.0   06.6     24.1    13:15      NE
25    21.0    27.2   15:52    16.1   05:19     00.0     02.7    00.0   05.4     18.5    15:02     SSE
27    23.5    29.2   15:07    17.6   06:29     00.0     05.2    00.0   05.4     18.5    14:05     ENE
28    25.1    30.6   14:41    20.4   05:37     00.0     06.8    00.0   03.7     14.8    15:17      E 
29    25.5    31.4   17:05    21.6   06:47     00.0     07.2    00.0   04.5     13.0    19:56     ENE
30    22.6    28.4   15:32    17.8   02:35     00.0     04.3    34.1   04.4     22.2    01:03     NNE
----------------------------------------------------------------------------------------------------------------------------------------------------------
21.1 (21.4)   31.4  day 29     13.1  day 11   006.0    086.1   214.1   04.8     42.6   day 03      NE
Max >=  30: 2
Min <=   30: 29
Max Rain: 55.5 ON 7-06-12
Days of Rain: 73 (> .2mm) 66 (> 2mm) 58 (> 20mm)