MONTHLY CLIMATOLOGICAL SUMMARY for JUN. 2012

NAME: Lacrosse WS2800   CITY: Salcedo (VI) STATE: Italia
ELEV: 398 LAT: 045:45:30 LONG: -011:34:05

                            TEMPERATURE ( C), RAIN (mm), WIND SPEED (kmh)

                                               HEAT     COOL           AVG
      MEAN                                     DEG      DEG            WIND                       DOM
DAY   TEMP    HIGH   TIME     LOW    TIME      DAYS     DAYS    RAIN   SPEED    HIGH    TIME      DIR
----------------------------------------------------------------------------------------------------------------------------------------------------------
01    19.0    20.5   16:50    17.2   07:45     00.0     00.7    00.0   04.4     13.0    23:46      NE
02    19.1    21.3   17:57    17.0   05:22     00.0     00.8    00.0   05.8     16.7    22:22      NE
03    19.0    22.7   16:12    17.2   11:48     00.0     00.7    04.9   03.8     18.5    22:27      NE
04    16.2    19.0   00:02    14.0   23:22     02.1     00.0    11.3   04.2     22.2    10:29      NE
05    17.4    22.5   18:02    12.6   05:27     00.9     00.0    00.0   05.5     18.5    21:26     ENE
06    18.4    21.0   17:09    16.0   06:36     00.0     00.1    00.0   05.7     18.5    12:11     ENE
07    19.1    21.6   19:50    16.8   06:12     00.0     00.8    00.0   03.9     13.0    23:58     ENE
09    19.3    22.2   15:43    16.8   06:40     00.0     01.0    00.0   05.8     27.8    13:03     ENE
10    18.4    20.4   17:07    14.6   10:02     00.0     00.1    12.2   05.6     31.5    09:44      NE
11    17.0    21.2   17:37    13.8   20:33     01.3     00.0    15.9   05.2     38.9    19:56      NE
12    16.1    19.4   15:04    13.2   07:43     02.2     00.0    04.4   09.0     35.2    16:37      SW
13    16.4    21.4   14:08    13.3   05:57     01.9     00.0    05.2   05.3     20.4    17:48     NNE
14    17.9    22.3   18:26    13.0   04:44     00.4     00.0    00.0   04.6     16.7    22:38      E 
15    20.1    25.0   17:21    15.8   05:07     00.0     01.8    00.0   04.7     14.8    15:20      E 
16    22.6    27.4   17:29    17.7   05:52     00.0     04.3    00.0   04.5     14.8    13:42     ESE
17    24.2    28.9   17:20    19.2   05:06     00.0     05.9    00.0   04.1     14.8    14:43      E 
18    26.4    30.6   14:53    22.4   01:12     00.0     08.1    00.0   05.7     13.0    05:59     NNE
19    27.0    31.1   17:19    23.5   05:12     00.0     08.7    00.0   05.1     16.7    22:31     ENE
20    27.3    30.6   17:16    24.1   03:49     00.0     09.0    00.0   04.1     14.8    17:57     ESE
21    26.8    30.5   14:48    23.0   06:18     00.0     08.5    00.0   03.8     14.8    23:49      E 
22    26.1    30.4   15:59    22.3   06:23     00.0     07.8    00.0   05.4     18.5    01:08     ENE
23    23.1    26.0   10:37    18.7   13:24     00.0     04.8    03.1   06.2     42.6    12:50     NNE
24    24.3    28.0   16:12    20.4   06:20     00.0     06.0    00.0   04.9     16.7    14:35      NE
25    24.2    28.8   17:48    19.6   00:00     00.0     05.9    00.0   05.9     29.6    22:16     ENE
26    22.3    26.2   16:56    18.5   04:47     00.0     04.0    00.0   06.1     22.2    02:05     ENE
27    23.2    27.0   16:34    19.7   03:56     00.0     04.9    00.0   04.7     16.7    14:12     ENE
28    24.0    28.6   16:03    20.4   05:36     00.0     05.7    00.0   04.0     14.8    14:16     ESE
29    25.3    30.1   17:35    21.7   04:16     00.0     07.0    00.0   04.9     13.0    21:05     ENE
30    26.6    31.2   17:40    23.1   06:06     00.0     08.3    00.0   05.5     20.4    21:50      NE
----------------------------------------------------------------------------------------------------------------------------------------------------------
21.6 (21.7)   31.2  day 30     12.6  day 05   008.8    105.3   058.8   05.1     42.6   day 23     ENE
Max >=  30: 7
Min <=   30: 29
Max Rain: 15.9 ON 11-06-12
Days of Rain: 7 (> .2mm) 7 (> 2mm) 0 (> 20mm)