MONTHLY CLIMATOLOGICAL SUMMARY for JUN. 2013

NAME: Lacrosse WS2800   CITY: Salcedo (VI) STATE: Italia
ELEV: 398 LAT: 045:45:30 LONG: -011:34:05

                            TEMPERATURE ( C), RAIN (mm), WIND SPEED (kmh)

                                               HEAT     COOL           AVG
      MEAN                                     DEG      DEG            WIND                      DOM
DAY   TEMP    HIGH   TIME     LOW    TIME      DAYS     DAYS    RAIN   SPEED   HIGH    TIME      DIR
----------------------------------------------------------------------------------------------------------------------------------------------------------
01    13.8    17.0   12:20    10.7   03:11     04.5     00.0    00.5   03.5     11.1    23:56     SSW
02    13.9    15.5   18:56    11.7   05:52     04.4     00.0    00.0   03.5     16.7    02:10      NE
03    16.9    20.1   14:16    13.5   05:52     01.4     00.0    00.0   04.1     16.7    14:35     SSW
04    17.3    22.3   16:10    13.3   06:11     01.0     00.0    04.0   05.3     16.7    23:46     WNW
05    17.8    22.3   16:29    14.4   06:17     00.5     00.0    01.8   06.1     29.6    18:37     NNE
06    17.9    22.9   15:55    14.4   04:34     00.4     00.0    00.0   05.1     20.4    19:33     ENE
07    19.3    23.9   17:56    14.8   04:59     00.0     01.0    00.0   04.3     16.7    17:59      W 
08    21.1    25.4   16:44    17.3   04:48     00.0     02.8    00.0   05.0     29.6    20:32     ENE
09    17.9    22.4   12:45    13.7   15:54     00.4     00.0    57.4   04.6     24.1    14:48      NE
10    16.6    20.2   17:32    13.4   05:48     01.7     00.0    00.0   03.1     11.1    17:56      E 
11    18.3    22.2   15:00    14.7   05:09     00.0     00.0    01.3   03.9     25.9    16:24     NNW
12    20.8    25.4   18:52    17.2   06:37     00.0     02.5    00.0   04.4     13.0    14:15      NE
13    22.3    26.1   17:55    18.7   05:22     00.0     04.0    00.0   05.1     14.8    14:12     ESE
14    23.2    27.9   17:07    19.2   05:39     00.0     04.9    00.0   03.6     11.1    16:21      E 
15    24.1    28.0   17:15    19.9   06:11     00.0     05.8    00.0   04.6     14.8    12:45     ENE
16    24.5    28.5   16:38    21.0   04:20     00.0     06.2    00.0   04.5     14.8    16:19     ENE
17    25.7    29.8   17:28    21.7   06:18     00.0     07.4    00.0   04.8     14.8    14:19      SE
18    26.9    31.7   17:38    23.2   05:54     00.0     08.6    00.0   03.8     11.1    13:25     ENE
19    27.3    31.8   17:57    23.5   05:35     00.0     09.0    00.0   03.6     13.0    13:14      E 
20    27.0    31.1   16:40    23.2   05:50     00.0     08.7    00.0   05.5     22.2    22:17     ENE
21    24.8    28.1   15:03    20.9   06:21     00.0     06.5    00.0   05.5     14.8    16:33      E 
22    23.7    26.7   16:25    20.8   06:24     00.0     05.4    00.0   05.5     22.2    17:08      NE
23    23.2    26.7   16:20    19.5   05:56     00.0     04.9    01.1   05.2     24.1    23:41     ESE
24    17.9    20.7   12:35    15.5   07:20     00.4     00.0    01.8   05.6     25.9    00:46      NW
25    19.4    24.6   14:47    13.6   23:49     00.0     01.1    06.3   06.0     35.2    16:40      NE
26    17.2    20.4   17:58    13.8   00:51     01.1     00.0    01.8   06.8     27.8    02:53      N 
27    16.2    19.4   16:25    12.3   23:04     02.1     00.0    01.1   04.4     14.8    16:25     ESE
28    15.1    19.2   17:46    10.3   06:51     03.2     00.0    12.8   06.6     33.3    03:55      N 
29    17.6    20.2   13:52    14.0   05:17     00.7     00.0    00.0   04.2     16.7    15:59      S 
30    20.6    25.0   17:32    16.4   05:31     00.0     02.3    00.0   05.3     18.5    22:31      SE
----------------------------------------------------------------------------------------------------------------------------------------------------------
20.3 (20.4)   31.8  day 19     10.3  day 28   021.8    081.2   090.0   04.8     35.2   day 28     ENE
Max >=  30: 3
Min <=   30: 30
Max Rain: 57.4 ON 9-06-13
Days of Rain: 11 (> .2mm) 4 (> 2mm) 1 (> 20mm)