MONTHLY CLIMATOLOGICAL SUMMARY for JUN. 2015

NAME: Lacrosse WS2800   CITY: Salcedo (VI) STATE: Italia
ELEV: 398 LAT: 045:45:30 LONG: -011:34:05

                            TEMPERATURE ( C), RAIN (mm), WIND SPEED (kmh)

                                               HEAT     COOL           AVG
      MEAN                                     DEG      DEG            WIND                      DOM
DAY   TEMP    HIGH   TIME     LOW    TIME      DAYS     DAYS    RAIN   SPEED   HIGH    TIME      DIR
----------------------------------------------------------------------------------------------------------------------------------------------------------
01    20.2    24.2   17:39    15.8   05:48     00.0     01.9    00.0   03.4     11.1    21:26      N 
02    21.5    26.0   18:13    17.5   05:47     00.0     03.2    00.0   03.6     14.8    22:43      NE
03    23.6    29.4   17:47    18.2   03:54     00.0     05.3    00.0   02.5     11.1    14:10      E 
04    26.0    30.4   15:23    21.7   02:43     00.0     07.7    00.0   02.9     12.9    11:08     ENE
05    26.1    30.0   17:02    22.1   05:50     00.0     07.8    00.0   03.7     12.9    02:55      NE
06    25.8    29.8   19:00    22.6   05:29     00.0     07.5    00.0   03.1     14.8    21:36      NE
07    26.3    30.1   16:40    22.2   06:16     00.0     08.0    00.0   03.4     12.9    23:30     ENE
08    25.1    28.8   15:45    22.3   06:46     00.0     06.8    00.0   04.0     12.9    18:04     NNE
09    24.4    27.8   14:50    20.5   05:16     00.0     06.1    00.0   06.2     16.6    12:08      NE
10    23.7    27.9   17:40    19.2   05:32     00.0     05.4    00.0   04.6     14.8    00:37      NE
11    24.4    28.5   15:59    20.5   03:59     00.0     06.1    00.0   02.8     14.8    15:46      E 
12    23.5    28.9   15:05    18.8   20:36     00.0     05.2    01.1   04.0     29.6    20:38     NNE
13    23.4    27.5   15:06    20.1   02:23     00.0     05.1    00.0   03.7     12.9    12:01     ENE
14    20.0    23.0   01:08    16.8   22:31     00.0     01.7    12.2   05.9     25.9    14:49     NNE
15    19.6    25.6   16:39    16.4   06:00     00.0     01.3    08.8   04.1     12.9    20:16      NE
16    18.5    21.6   11:34    16.6   22:03     00.0     00.2    25.0   03.0     14.8    12:50      NW
17    18.0    21.3   15:05    14.7   05:55     00.3     00.0    03.4   03.6     16.6    09:00      NE
18    18.8    24.9   22:35    15.6   07:52     00.0     00.5    00.0   04.7     16.6    08:05      NE
19    18.8    21.8   15:29    16.2   23:24     00.0     00.5    00.0   05.7     25.9    21:06      NE
20    17.3    20.4   12:05    15.4   23:59     01.0     00.0    00.0   04.5     20.4    13:45      NE
21    17.3    21.1   16:43    14.0   03:43     01.0     00.0    00.0   04.5     14.8    21:43     NNE
22    18.8    22.1   14:22    16.1   06:05     00.0     00.5    00.0   03.8     12.9    23:56      NE
23    17.8    22.7   16:28    13.2   00:00     00.5     00.0    17.5   05.4     31.4    18:21      NE
24    16.8    21.7   16:27    11.2   05:55     01.5     00.0    05.2   04.1     18.5    00:53     SSE
25    19.5    24.2   15:19    14.8   06:08     00.0     01.2    00.0   03.8     16.6    13:59      S 
26    21.4    26.3   15:50    16.5   05:23     00.0     03.1    00.0   03.8     16.6    15:55     SSE
27    22.2    27.4   16:24    18.7   04:14     00.0     03.9    00.7   03.6     16.6    19:22     SSE
28    22.7    27.4   16:21    17.2   05:00     00.0     04.4    00.0   04.1     12.9    14:24      E 
29    22.2    25.8   16:04    18.9   05:33     00.0     03.9    00.0   03.6     16.6    01:57      NE
30    23.4    27.8   17:34    18.9   05:04     00.0     05.1    00.0   02.9     11.1    16:19      E 
----------------------------------------------------------------------------------------------------------------------------------------------------------
21.6 (21.8)   30.4  day 04     11.2  day 24   004.4    102.4   073.8   04.0     31.5   day 23      NE
Max >=  30: 3
Min <=   30: 30
Max Rain: 25.0 ON 16-06-15
Days of Rain: 8 (> .2mm) 6 (> 2mm) 1 (> 20mm)