MONTHLY CLIMATOLOGICAL SUMMARY for JUN. 2016

NAME: Lacrosse WS2800   CITY: Salcedo (VI) STATE: Italia
ELEV: 398 LAT: 045:45:30 LONG: -011:34:05

                            TEMPERATURE ( C), RAIN (mm), WIND SPEED (kmh)

                                               HEAT     COOL           AVG
      MEAN                                     DEG      DEG            WIND                      DOM
DAY   TEMP    HIGH   TIME     LOW    TIME      DAYS     DAYS    RAIN   SPEED   HIGH    TIME      DIR
--------------------------------------------------------------------------------------------------------
01    15.6    18.2   11:36    12.9   02:53     02.7     00.0    00.7   04.4     12.9    15:30      NE
02    16.4    20.2   13:36    14.4   06:13     01.9     00.0    00.0   04.9     25.9    15:45     NNE
03    17.1    21.1   14:55    14.5   04:21     01.2     00.0    00.0   04.2     12.9    20:17      S 
04    17.5    21.3   17:37    15.4   05:45     00.8     00.0    08.1   03.5     18.5    13:31     NNE
05    18.9    23.8   17:36    16.0   07:19     00.0     00.6    02.9   04.3     12.9    12:32      N 
06    20.4    25.7   15:55    15.4   05:34     00.0     02.1    03.4   04.3     16.6    05:45      N 
07    22.3    26.6   16:59    17.7   02:35     00.0     04.0    00.0   04.0     14.8    05:21     ENE
08    19.8    24.0   14:04    16.1   20:26     00.0     01.5    05.9   05.2     22.2    19:11     NNE
09    17.0    19.9   13:10    15.3   23:08     01.3     00.0    01.8   04.6     22.2    15:55      NE
10    19.5    23.2   17:37    15.6   07:55     00.0     01.2    00.0   03.1     11.1    23:31      NE
11    18.8    22.5   16:47    15.6   23:14     00.0     00.5    11.0   05.6     18.5    22:38      NE
12    18.0    21.7   16:16    15.0   03:18     00.3     00.0    00.0   04.3     27.8    19:34     SSW
13    19.0    22.7   17:18    15.4   03:57     00.0     00.7    03.4   03.9     20.4    13:14      NW
14    17.0    20.0   12:41    15.0   05:33     01.3     00.0    17.6   05.1     20.4    01:36     NNE
15    18.8    23.5   15:06    14.2   06:14     00.0     00.5    11.0   06.1     25.9    18:44      S 
16    20.3    24.0   15:16    17.3   08:26     00.0     02.0    05.9   08.9     27.8    19:12      NE
17    19.9    23.7   15:29    15.8   06:19     00.0     01.6    01.6   09.2     31.4    17:02     SSW
18    18.5    23.3   12:34    15.7   21:35     00.0     00.2    15.8   06.4     33.3    16:04     NNE
19    18.1    22.4   15:49    15.8   16:38     00.2     00.0    11.0   06.8     35.1    16:33     NNW
20    19.8    23.7   19:49    17.1   00:01     00.0     01.5    00.0   04.2     16.6    00:19     NNE
21    21.6    25.8   16:15    17.4   02:16     00.0     03.3    00.0   04.4     12.9    01:09      E 
22    24.9    29.7   17:09    20.4   04:32     00.0     06.6    00.0   03.7     12.9    16:58     ESE
23    27.0    31.2   17:15    21.8   06:09     00.0     08.7    00.0   03.9     12.9    12:49      NE
24    28.4    33.0   17:14    23.8   05:59     00.0     10.1    00.0   04.6     14.8    22:54     NNE
25    27.8    32.3   15:53    23.8   22:14     00.0     09.5    00.0   07.1     42.5    18:11     NNE
26    25.1    27.5   14:29    21.6   23:29     00.0     06.8    00.7   06.0     29.6    23:50      NE
27    22.8    27.0   14:28    17.6   00:23     00.0     04.5    09.9   05.7     24.1    00:11      NE
28    22.5    26.4   17:06    18.4   05:43     00.0     04.2    00.0   06.0     18.5    15:19     SSE
29    23.6    27.8   14:39    19.4   03:49     00.0     05.3    00.0   04.3     12.9    12:38      E 
30    24.7    28.8   15:25    21.2   05:14     00.0     06.4    00.0   04.8     18.5    22:48      E 
--------------------------------------------------------------------------------------------------------
20.7 (20.9)   33.0  day 24     12.9  day 01   009.6    081.7   110.5   05.1     42.6   day 25      NE
Max >=  30: 3
Min <=   30: 30
Max Rain: 17.6 ON 14-06-16
Days of Rain: 16 (> .2mm) 12 (> 2mm) 0 (> 20mm)