MONTHLY CLIMATOLOGICAL SUMMARY for JUN. 2017

NAME: Lacrosse WS2800   CITY: Salcedo (VI) STATE: Italia
ELEV: 398 LAT: 045:45:30 LONG: -011:34:05

                            TEMPERATURE ( C), RAIN (mm), WIND SPEED (kmh)

                                               HEAT     COOL           AVG
      MEAN                                     DEG      DEG            WIND                      DOM
DAY   TEMP    HIGH   TIME     LOW    TIME      DAYS     DAYS    RAIN   SPEED   HIGH    TIME      DIR
----------------------------------------------------------------------------------------------------------------------------------------------------------
01    22.1    26.2   18:06    18.2   05:07     00.0     03.8    00.0   04.6     22.2    22:53      NE
02    21.9    26.5   14:50    17.8   06:06     00.0     03.6    00.0   04.0     22.2    15:32      NE
03    23.0    28.1   17:04    18.1   06:07     00.0     04.7    00.0   03.8     14.8    12:50      NE
04    22.0    26.0   13:59    19.4   06:27     00.0     03.7    00.0   05.1     22.2    16:32     NNE
05    19.9    23.6   17:04    15.8   08:37     00.0     01.6    00.0   06.6     27.8    22:09     NNE
06    19.1    23.5   15:45    15.7   23:57     00.0     00.8    20.0   05.2     35.1    18:47      SW
07    17.6    23.4   15:44    13.5   05:45     00.7     00.0    00.0   05.9     31.4    16:47      NE
08    17.7    22.8   18:00    12.0   06:19     00.6     00.0    00.0   04.6     16.6    16:34     SSE
09    20.4    26.0   16:43    15.1   06:03     00.0     02.1    00.0   03.7     12.9    14:50     SSE
10    21.9    26.8   17:28    17.6   05:57     00.0     03.6    00.0   03.8     12.9    15:46     ENE
11    23.1    27.8   17:42    19.4   02:45     00.0     04.8    00.0   04.9     16.6    15:06      NE
12    23.7    29.4   17:10    18.8   05:48     00.0     05.4    00.0   04.1     16.6    15:41     ENE
13    24.0    30.3   17:18    19.2   05:59     00.0     05.7    00.0   03.7     12.9    15:30     ESE
14    22.6    26.6   15:03    20.1   16:47     00.0     04.3    08.0   03.8     22.2    16:12     NNE
15    23.2    28.0   16:40    19.1   05:07     00.0     04.9    00.0   03.7     12.9    15:28     ENE
16    24.2    28.7   15:35    20.6   05:23     00.0     05.9    00.0   04.6     14.8    20:53     ENE
17    23.9    28.2   15:49    20.1   06:17     00.0     05.6    00.0   06.1     22.2    01:22      NE
18    22.4    26.7   16:30    19.1   05:11     00.0     04.1    00.0   04.8     14.8    16:39      SE
19    23.0    27.9   16:34    18.4   06:21     00.0     04.7    00.0   04.6     14.8    14:05      E 
20    24.7    30.0   16:08    20.0   03:14     00.0     06.4    00.0   04.6     20.4    21:22     ENE
21    25.3    30.4   16:06    21.4   03:43     00.0     07.0    00.0   05.0     16.6    21:53      NE
22    26.0    31.7   17:56    20.0   03:53     00.0     07.7    00.0   05.6     18.5    21:57      NE
23    26.9    32.1   15:41    23.0   04:50     00.0     08.6    00.0   05.0     20.4    21:00      NE
24    26.8    31.2   16:01    23.0   05:34     00.0     08.5    00.0   04.2     14.8    14:25      NE
25    22.2    25.1   00:06    17.5   09:36     00.0     03.9    21.5   05.8     44.4    09:13      NE
26    23.5    28.3   16:15    18.1   05:34     00.0     05.2    00.0   04.5     16.6    22:59     ENE
27    23.5    26.1   14:08    19.4   10:14     00.0     05.2    07.5   04.6     22.2    09:57     NNE
28    21.4    26.7   12:58    15.6   19:56     00.0     03.1    11.5   06.6     33.3    19:23     NNE
29    18.5    24.0   16:40    13.8   03:17     00.0     00.2    18.7   07.6     31.4    18:14     SSW
30    19.4    22.8   17:09    15.0   22:23     00.0     01.1    08.9   05.4     20.4    21:49     ESE
----------------------------------------------------------------------------------------------------------------------------------------------------------
22.5 (22.7)   32.1  day 23     12.0  day 08   001.2    126.2   113.3   04.9     44.4   day 25      NE
Max >=  30: 6
Min <=   30: 30
Max Rain: 21.5 ON 25-06-17
Days of Rain: 7 (> .2mm) 7 (> 2mm) 1 (> 20mm)