MONTHLY CLIMATOLOGICAL SUMMARY for JUN. 2018

NAME: Lacrosse WS2800   CITY: Salcedo (VI) STATE: Italia
ELEV: 398 LAT: 045:45:30 LONG: -011:34:05

                            TEMPERATURE ( C), RAIN (mm), WIND SPEED (kmh)

                                               HEAT     COOL           AVG
      MEAN                                     DEG      DEG            WIND                      DOM
DAY   TEMP    HIGH   TIME     LOW    TIME      DAYS     DAYS    RAIN   SPEED   HIGH    TIME      DIR
--------------------------------------------------------------------------------------------------------
01    22.2    27.2   18:16    18.4   05:56     00.0     03.9    01.3   05.3     20.4    14:51     NNE
02    21.5    26.7   16:08    18.0   21:12     00.0     03.2    10.9   04.5     24.1    18:13     NNE
03    22.3    27.2   18:29    17.2   05:51     00.0     04.0    00.0   03.6     12.9    14:07      N 
04    21.5    25.8   12:31    18.8   04:48     00.0     03.2    00.0   03.9     18.5    14:43      NW
05    21.3    27.7   16:42    16.5   18:39     00.0     03.0    16.1   05.7     42.5    18:28      N 
06    21.0    25.6   13:55    16.9   05:40     00.0     02.7    04.1   04.7     27.8    23:17      NE
07    19.9    24.7   14:09    17.3   06:32     00.0     01.6    22.8   05.4     18.5    18:18     NNE
08    19.9    23.4   18:33    15.2   07:24     00.0     01.6    18.2   07.4     31.4    06:16     NNE
09    22.8    28.6   17:22    17.2   03:35     00.0     04.5    00.0   04.6     12.9    22:56      S 
10    23.5    27.7   17:06    19.0   05:53     00.0     05.2    00.0   04.5     12.9    16:41      E 
11    24.5    28.5   15:18    20.8   05:58     00.0     06.2    00.6   04.5     16.6    21:12      NE
12    21.5    25.8   14:25    18.3   09:55     00.0     03.2    16.9   05.2     31.4    12:45      N 
13    19.8    24.0   14:16    16.2   04:27     00.0     01.5    11.6   04.7     24.1    02:07      NW
14    20.8    24.6   15:09    17.6   23:15     00.0     02.5    00.2   04.4     20.4    22:09     ENE
15    20.8    25.6   18:59    16.5   06:22     00.0     02.5    00.0   05.3     16.6    01:26      NE
16    22.3    26.4   17:20    17.5   06:13     00.0     04.0    00.0   04.0     14.8    14:50      E 
17    23.8    28.6   16:23    19.4   03:53     00.0     05.5    00.0   04.4     18.5    22:06      N 
18    23.0    27.2   14:22    16.9   06:54     00.0     04.7    07.7   04.6     14.8    23:13      NW
19    24.6    28.3   15:22    20.1   03:02     00.0     06.3    00.0   04.0     14.8    13:55     ENE
20    25.2    28.6   17:54    22.4   05:04     00.0     06.9    00.0   04.5     22.2    05:55      NE
21    25.0    29.2   16:03    21.1   06:25     00.0     06.7    00.0   04.4     18.5    22:10      NE
22    18.8    23.3   00:05    15.9   00:00     00.0     00.5    05.4   06.6     20.4    12:57     NNE
23    18.1    22.0   15:27    13.8   05:12     00.2     00.0    00.0   06.1     18.5    00:50      NE
24    18.5    22.1   15:19    13.9   05:44     00.0     00.2    00.8   04.3     20.4    23:40      NE
25    17.0    21.0   17:51    13.8   05:32     01.3     00.0    08.6   05.2     18.5    14:04      NE
26    19.7    23.9   14:50    14.6   06:12     00.0     01.4    00.0   04.3     16.6    13:33      SE
27    19.2    23.7   15:21    16.0   05:03     00.0     00.9    00.9   05.4     25.9    17:36      NE
28    19.6    23.8   15:53    15.9   05:35     00.0     01.3    00.0   03.5     14.8    04:29      N 
--------------------------------------------------------------------------------------------------------
21.4 (21.5)   29.2  day 21     13.8  day 25   001.6    087.1   126.2   04.8     42.6   day 05     NNE
Min <=   30: 28
Max Rain: 22.8 ON 7-06-18
Days of Rain: 15 (> .2mm) 10 (> 2mm) 1 (> 20mm)