MONTHLY CLIMATOLOGICAL SUMMARY for JUN. 2019 NAME: CITY: STATE: ELEV: LAT: LONG: TEMPERATURE ( °C), RAIN (mm), WIND SPEED (kmh) HEAT COOL AVG MEAN DEG DEG WIND DOM DAY TEMP HIGH TIME LOW TIME DAYS DAYS RAIN SPEED HIGH TIME DIR -------------------------------------------------------------------------------------------------------- 01 21.0 25.7 16:54 15.4 06:04 00.0 02.7 00.0 04.7 18.5 14:23 S 02 23.2 27.0 15:39 19.2 04:26 00.0 04.9 00.0 04.6 18.5 15:35 SE 03 23.1 27.8 15:51 18.8 06:14 00.0 04.8 00.0 03.4 11.1 17:59 NNE 04 23.2 26.6 17:47 20.0 06:10 00.0 04.9 00.0 03.3 14.8 22:15 NNE 05 20.7 23.4 11:42 17.9 05:56 00.0 02.4 00.0 05.0 18.5 18:41 NE 06 17.8 21.3 14:25 15.8 23:51 00.5 00.0 08.5 07.4 29.6 15:20 NE 07 19.5 24.9 17:05 14.3 06:04 00.0 01.2 00.0 03.7 14.8 15:39 ENE 08 22.2 27.1 18:09 16.7 06:13 00.0 03.9 00.0 04.1 14.8 22:30 E 09 23.2 28.0 16:35 18.7 06:01 00.0 04.9 00.0 03.7 14.8 16:34 NE 10 24.5 27.4 14:03 22.2 06:04 00.0 06.2 00.0 05.3 18.5 21:26 NNE 11 25.2 28.0 15:26 22.5 06:55 00.0 06.9 00.0 10.4 27.8 12:38 NE 12 23.4 27.0 18:34 19.0 23:00 00.0 05.1 02.8 08.7 33.3 18:55 NE 13 23.1 28.2 16:25 18.5 05:34 00.0 04.8 00.0 04.6 20.4 17:16 SSE 14 24.3 28.7 16:01 19.1 06:17 00.0 06.0 00.0 03.5 12.9 23:17 NE 15 26.3 29.5 16:16 21.9 03:59 00.0 08.0 00.0 05.4 18.5 14:01 NE 16 25.2 29.8 17:20 20.4 06:10 00.0 06.9 00.0 03.4 12.9 23:59 SW 17 24.8 28.8 15:23 20.6 06:27 00.0 06.5 00.0 04.9 31.4 01:31 NE 18 24.3 28.8 15:43 20.2 05:26 00.0 06.0 00.0 03.7 16.6 14:49 NNE 19 23.9 29.0 14:09 20.8 06:00 00.0 05.6 00.0 04.6 25.9 15:54 NE 20 23.9 29.2 16:17 19.8 06:19 00.0 05.6 00.0 04.7 24.1 21:37 N 21 24.3 28.7 16:48 20.0 06:10 00.0 06.0 00.0 05.0 22.2 18:24 NNE 22 20.1 23.3 00:05 16.7 07:05 00.0 01.8 24.1 06.6 29.6 08:54 N 23 22.2 27.8 16:14 16.3 05:16 00.0 03.9 00.0 04.0 14.8 14:33 SSE 24 25.0 30.7 16:11 20.1 06:28 00.0 06.7 00.0 03.7 12.9 13:05 ENE 25 26.6 30.8 17:21 22.0 05:50 00.0 08.3 00.0 04.1 16.6 05:05 NNE 26 28.4 32.8 16:24 23.5 05:58 00.0 10.1 00.0 02.7 12.9 14:42 ESE 27 30.2 35.3 17:29 25.2 06:02 00.0 11.9 00.0 03.9 14.8 22:41 NE 28 28.9 32.3 16:00 25.8 06:20 00.0 10.6 00.0 05.0 18.5 10:08 ENE 29 26.1 30.2 16:29 23.0 06:26 00.0 07.8 00.0 05.1 14.8 07:37 ENE 30 27.0 32.7 17:06 21.8 05:38 00.0 08.7 00.0 04.2 12.9 23:16 ENE -------------------------------------------------------------------------------------------------------- 24.1 (24.1) 35.3 day 27 14.3 day 07 000.5 173.4 035.4 04.8 33.3 day 12 NE Max >= 30: 7 Min <= 30: 30 Max Rain: 24.1 ON 22-06-19 Days of Rain: 3 (> .2mm) 3 (> 2mm) 1 (> 20mm)