MONTHLY CLIMATOLOGICAL SUMMARY for JUL. 2011

NAME: Lacrosse WS2800   CITY: Salcedo (VI) STATE: Italia
ELEV: 398 LAT: 045:45:30 LONG: -011:34:05

                            TEMPERATURE ( C), RAIN (mm), WIND SPEED (kmh)

                                               HEAT     COOL           AVG
      MEAN                                     DEG      DEG            WIND                       DOM
DAY   TEMP    HIGH   TIME     LOW    TIME      DAYS     DAYS    RAIN   SPEED    HIGH    TIME      DIR
----------------------------------------------------------------------------------------------------------------------------------------------------------
01    20.0    24.5   16:22    17.1   04:30     00.0     01.7    00.7   05.4     29.6    00:56     ENE
02    18.9    23.3   14:23    14.0   04:36     00.0     00.6    00.0   04.4     20.4    17:08     ENE
03    20.6    26.3   16:26    14.7   05:41     00.0     02.3    00.0   05.3     18.5    14:43     ENE
04    22.3    28.4   15:15    16.8   05:10     00.0     04.0    00.0   05.0     16.7    22:41     ENE
05    21.8    26.4   18:36    16.6   06:43     00.0     03.5    05.5   04.7     16.7    00:03      E 
06    22.0    28.3   16:16    17.8   06:28     00.0     03.7    03.3   04.6     22.2    00:39     ENE
07    23.0    29.3   15:39    18.9   18:50     00.0     04.7    19.6   05.5     33.3    18:51      NE
08    24.4    30.9   17:24    19.0   05:14     00.0     06.1    00.0   05.0     16.7    12:40      NE
09    24.2    25.5   22:09    23.0   00:41     00.0     05.9    00.0   06.5     13.0    01:10     NNE
10    25.7    30.6   19:07    24.0   01:35     00.0     07.4    00.3   03.7     09.3    23:27     NNE
11    26.8    31.8   15:02    20.8   23:00     00.0     08.5    00.0   04.4     16.7    02:30     WSW
12    27.4    32.4   16:34    01.5   18:24     00.0     09.1    00.0   04.3     13.0    14:32      NE
13    26.0    27.4   19:33    24.4   00:00     00.0     07.7    00.0   07.6     29.6    21:46      NE
14    26.4    30.6   17:41    23.0   05:37     00.0     08.1    00.0   05.4     24.1    16:17     ESE
15    23.8    29.3   09:56    20.4   00:00     00.0     05.5    00.0   05.7     29.6    16:32      NE
17    23.0    27.4   14:01    18.6   05:41     00.0     04.7    00.2   04.9     16.7    23:21     ENE
18    23.0    27.9   18:18    17.6   06:50     00.0     04.7    01.6   06.5     25.9    17:07      S 
19    20.5    25.2   16:14    15.8   00:00     00.0     02.2    01.5   04.7     16.7    19:46     ENE
20    18.8    26.4   17:42    13.5   07:20     00.0     00.5    04.2   04.3     18.5    08:59      NE
21    21.1    27.6   16:57    16.2   06:12     00.0     02.8    02.0   05.9     35.2    19:23     WSW
22    21.8    27.4   15:47    15.6   02:56     00.0     03.5    00.0   04.9     16.7    23:42      E 
23    18.6    25.9   16:30    14.6   07:09     00.0     00.3    16.0   04.5     16.7    23:47      N 
24    15.2    17.9   16:20    13.1   05:53     03.1     00.0    15.5   03.8     22.2    00:40     WNW
25    18.3    24.7   14:48    13.7   22:39     00.0     00.0    08.8   03.8     16.7    21:59      NE
26    18.4    24.3   13:27    14.7   01:12     00.0     00.1    02.0   03.7     14.8    13:08     NNE
27    19.0    23.0   13:57    15.1   23:33     00.0     00.7    00.8   04.6     24.1    19:05      NE
29    21.9    27.0   17:55    15.2   00:17     00.0     03.6    00.0   04.3     18.5    15:08      SW
31    22.1    28.7   17:07    17.6   05:23     00.0     03.8    00.0   04.8     25.9    21:46      E 
----------------------------------------------------------------------------------------------------------------------------------------------------------
22.0 (22.0)   32.4  day 12     01.5  day 12   003.2    105.9   082.0   04.9     35.2   day 21     ENE
Max >=  30: 5
Min <=   30: 28
Max Rain: 19.6 ON 7-07-12
Days of Rain: 15 (> .2mm) 7 (> 2mm) 0 (> 20mm)