MONTHLY CLIMATOLOGICAL SUMMARY for JUL. 2013

NAME: Lacrosse WS2800   CITY: Salcedo (VI) STATE: Italia
ELEV: 398 LAT: 045:45:30 LONG: -011:34:05

                            TEMPERATURE ( C), RAIN (mm), WIND SPEED (kmh)

                                               HEAT     COOL           AVG
      MEAN                                     DEG      DEG            WIND                      DOM
DAY   TEMP    HIGH   TIME     LOW    TIME      DAYS     DAYS    RAIN   SPEED   HIGH    TIME      DIR
----------------------------------------------------------------------------------------------------------------------------------------------------------
01    20.5    25.0   17:32    16.4   05:31     00.0     02.2    00.0   04.9     18.5    13:33     NNE
02    21.8    26.9   17:21    17.4   05:51     00.0     03.5    00.0   04.2     14.8    14:40      E 
04    23.2    25.9   14:01    19.8   04:35     00.0     04.9    00.0   04.6     22.2    15:20      NE
05    25.5    29.2   15:27    21.6   06:19     00.0     07.2    00.0   05.2     18.5    13:02      N 
06    24.8    28.1   16:30    22.2   04:44     00.0     06.5    00.0   04.1     20.4    16:32     NNE
07    24.3    27.2   19:11    19.6   02:33     00.0     06.0    02.7   06.0     20.4    00:22      NE
09    25.3    28.8   17:17    21.8   06:18     00.0     07.0    00.0   04.5     16.7    00:02      N 
10    24.3    27.2   17:45    21.7   06:08     00.0     06.0    00.0   04.2     16.7    05:09     NNW
11    24.5    28.8   15:49    20.7   22:39     00.0     06.2    00.0   06.6     44.4    21:21      E 
12    22.3    25.4   16:47    18.6   03:50     00.0     04.0    03.6   04.8     24.1    00:05      E 
13    22.2    26.6   15:58    17.8   22:41     00.0     03.9    12.2   05.9     33.3    21:00      NE
14    23.5    27.0   16:58    19.2   04:14     00.0     05.2    00.0   05.5     25.9    00:40     ENE
15    23.8    27.2   16:01    20.8   05:17     00.0     05.5    00.0   04.8     14.8    19:25     ENE
16    23.3    26.0   14:15    21.3   07:16     00.0     05.0    00.0   04.9     16.7    11:40     ENE
17    23.2    26.8   17:34    20.8   05:03     00.0     04.9    00.0   03.6     14.8    09:01      E 
18    24.2    27.5   17:58    20.8   06:40     00.0     05.9    00.0   05.5     16.7    23:47     ENE
19    25.1    28.8   17:23    21.2   05:35     00.0     06.8    00.0   04.9     18.5    15:30     ESE
20    25.9    29.6   16:35    21.8   06:23     00.0     07.6    00.0   04.7     16.7    01:08      E 
21    25.0    28.0   15:41    21.0   08:13     00.0     06.7    00.0   04.9     18.5    15:42      E 
22    25.5    28.8   17:16    22.4   06:33     00.0     07.2    00.0   05.6     18.5    04:03      E 
23    26.6    30.4   16:17    22.4   06:44     00.0     08.3    00.0   05.5     22.2    01:55     ENE
24    25.1    29.7   16:08    20.4   18:42     00.0     06.8    11.0   05.0     40.7    16:56     NNE
25    25.7    30.6   16:53    21.4   05:40     00.0     07.4    00.0   04.3     14.8    13:16     ESE
26    27.2    31.0   16:42    23.3   06:28     00.0     08.9    00.0   04.8     18.5    14:09     ENE
27    27.8    32.2   17:21    24.6   03:11     00.0     09.5    00.0   05.2     16.7    22:04     SSE
28    28.8    33.1   16:44    25.6   02:46     00.0     10.5    00.0   05.2     14.8    22:25     ENE
29    23.8    28.0   11:53    16.0   19:55     00.0     05.5    30.2   05.8     48.1    19:42     WSW
30    22.9    27.5   17:06    16.8   04:13     00.0     04.6    00.0   05.1     18.5    13:39     ESE
31    25.1    28.2   18:20    21.2   06:06     00.0     06.8    00.0   05.6     16.7    15:58      E 
----------------------------------------------------------------------------------------------------------------------------------------------------------
24.5 (24.5)   33.1  day 28     16.0  day 29   000.0    180.5   059.6   05.0     48.1   day 29     ENE
Max >=  30: 5
Min <=   30: 29
Max Rain: 30.2 ON 29-07-13
Days of Rain: 5 (> .2mm) 5 (> 2mm) 1 (> 20mm)