MONTHLY CLIMATOLOGICAL SUMMARY for JUL. 2015

NAME: Lacrosse WS2800   CITY: Salcedo (VI) STATE: Italia
ELEV: 398 LAT: 045:45:30 LONG: -011:34:05

                            TEMPERATURE ( C), RAIN (mm), WIND SPEED (kmh)

                                               HEAT     COOL           AVG
      MEAN                                     DEG      DEG            WIND                      DOM
DAY   TEMP    HIGH   TIME     LOW    TIME      DAYS     DAYS    RAIN   SPEED   HIGH    TIME      DIR
--------------------------------------------------------------------------------------------------------
01    24.5    29.0   15:53    20.9   03:23     00.0     06.2    00.0   03.1     11.1    16:50     ENE
02    25.7    30.2   17:29    21.0   04:21     00.0     07.4    00.0   03.4     12.9    21:47      SE
03    25.5    30.5   14:02    21.8   18:16     00.0     07.2    02.3   04.2     35.1    17:11      NW
04    26.5    30.9   15:21    21.7   05:23     00.0     08.2    00.0   03.3     14.8    22:08      E 
05    27.3    31.4   15:49    23.8   06:11     00.0     09.0    00.0   02.7     09.3    22:22     ESE
06    27.4    31.3   15:52    23.4   05:58     00.0     09.1    00.0   03.2     11.1    14:15      E 
07    28.5    32.4   14:31    24.8   06:25     00.0     10.2    00.0   04.4     14.8    21:24     ENE
08    25.2    29.2   13:57    19.3   22:30     00.0     06.9    34.9   05.9     33.3    21:46      NE
09    22.7    25.3   16:17    19.3   05:51     00.0     04.4    00.0   04.6     14.8    14:19     ENE
10    22.5    26.7   17:16    19.4   06:56     00.0     04.2    00.0   04.8     16.6    08:35      NE
11    23.8    29.4   15:36    18.4   05:20     00.0     05.5    00.0   04.1     16.6    13:24      E 
12    25.6    30.0   15:59    20.8   05:17     00.0     07.3    00.0   03.9     12.9    13:34     ENE
13    25.9    28.8   16:37    23.3   05:58     00.0     07.6    00.0   04.5     16.6    22:27      NE
14    25.4    29.6   16:42    21.0   06:23     00.0     07.1    00.0   03.8     12.9    14:56      E 
15    26.8    31.0   15:47    23.5   06:31     00.0     08.5    00.0   03.1     09.3    15:53     ENE
16    27.6    31.5   15:42    24.1   06:18     00.0     09.3    00.0   03.8     11.1    23:08     ENE
17    28.2    32.0   16:46    24.9   05:54     00.0     09.9    00.0   03.4     11.1    23:29      NE
18    28.8    33.2   15:35    24.0   06:21     00.0     10.5    00.0   03.6     12.9    16:23     ENE
19    29.2    33.2   17:26    25.0   06:32     00.0     10.9    00.0   04.1     12.9    23:53     ESE
20    28.8    33.1   16:23    24.1   05:47     00.0     10.5    00.0   03.6     12.9    17:06     ENE
21    29.5    33.8   15:41    25.3   05:46     00.0     11.2    00.0   03.5     16.6    13:22     ENE
22    30.3    34.2   16:50    26.3   06:33     00.0     12.0    00.0   03.6     11.1    22:20      E 
23    29.9    33.9   15:26    26.1   05:53     00.0     11.6    00.0   04.1     22.2    23:50     NNE
24    26.7    32.4   18:21    00.0   19:09     00.0     08.4    29.0   06.4     48.1    00:37     NNE
25    25.0    28.5   12:19    21.9   05:34     00.0     06.7    08.1   05.6     22.2    16:27     NNE
26    23.7    25.4   13:43    21.2   23:45     00.0     05.4    00.0   05.3     22.2    12:25      E 
27    22.2    27.1   18:14    18.0   07:47     00.0     03.9    02.3   04.9     18.5    21:03      NE
28    23.7    27.4   15:59    19.9   06:26     00.0     05.4    00.0   05.2     14.8    23:20      NE
29    23.2    26.7   15:56    20.4   23:43     00.0     04.9    09.9   05.6     25.9    18:59      NE
30    21.7    25.0   13:38    18.7   06:12     00.0     03.4    00.0   05.5     20.4    14:19     ENE
31    21.3    25.3   15:59    18.1   06:39     00.0     03.0    00.0   04.3     16.6    13:23      E 
--------------------------------------------------------------------------------------------------------
25.9 (25.6)   34.2  day 22     0 1.3E-0311  day 24   000.0    235.9   086.3   04.2     48.1   day 24     ENE
Max >=  30: 17
Min <=   30: 31
Max Rain: 34.9 ON 8-07-15
Days of Rain: 6 (> .2mm) 6 (> 2mm) 2 (> 20mm)