MONTHLY CLIMATOLOGICAL SUMMARY for JUL. 2016

NAME: Lacrosse WS2800   CITY: Salcedo (VI) STATE: Italia
ELEV: 398 LAT: 045:45:30 LONG: -011:34:05

                            TEMPERATURE ( C), RAIN (mm), WIND SPEED (kmh)

                                               HEAT     COOL           AVG
      MEAN                                     DEG      DEG            WIND                      DOM
DAY   TEMP    HIGH   TIME     LOW    TIME      DAYS     DAYS    RAIN   SPEED   HIGH    TIME      DIR
--------------------------------------------------------------------------------------------------------
01    24.5    28.3   14:59    21.0   05:31     00.0     06.2    00.0   05.0     14.8    01:03     ENE
02    24.9    29.4   16:51    21.6   05:54     00.0     06.6    01.1   04.0     16.6    19:24      NE
03    23.1    26.4   13:42    20.5   00:00     00.0     04.8    00.0   07.1     24.1    16:42      NE
04    22.0    26.4   16:52    19.9   01:11     00.0     03.7    00.0   04.0     18.5    10:45     NNE
05    23.7    28.2   16:02    19.8   06:06     00.0     05.4    02.9   04.6     18.5    22:59     NNE
06    24.6    29.2   16:30    20.0   05:43     00.0     06.3    00.0   04.5     12.9    12:19      NE
07    24.5    27.9   16:42    21.9   06:10     00.0     06.2    00.0   05.0     16.6    11:27     ENE
08    25.4    29.4   16:52    22.5   03:23     00.0     07.1    00.0   04.7     18.5    21:32     ENE
09    26.3    30.4   15:52    21.8   06:33     00.0     08.0    00.0   04.3     12.9    14:29      NE
10    26.9    30.8   15:27    24.2   05:00     00.0     08.6    01.6   04.4     16.6    17:16      NE
11    27.4    31.0   14:15    24.0   06:38     00.0     09.1    00.0   04.9     12.9    20:11      NE
12    26.2    30.0   16:09    21.8   02:00     00.0     07.9    10.6   06.5     25.9    02:15     NNE
13    24.7    29.2   18:04    20.2   00:00     00.0     06.4    14.4   06.2     29.6    23:18     SSE
14    20.0    23.5   13:31    16.6   00:00     00.0     01.7    00.0   06.5     29.6    23:21      NE
15    19.2    22.6   18:17    15.5   04:13     00.0     00.9    00.0   05.6     18.5    11:58     ENE
16    20.6    25.2   16:14    15.4   06:30     00.0     02.3    00.0   05.5     20.4    18:35      NE
17    22.5    28.6   16:21    16.1   04:34     00.0     04.2    00.0   05.1     16.6    15:24      NE
18    24.4    29.4   16:49    19.5   05:23     00.0     06.1    00.0   03.9     14.8    13:30      E 
19    25.9    29.7   16:16    22.1   04:49     00.0     07.6    00.0   04.2     12.9    14:51     ENE
20    25.8    29.6   16:40    22.7   05:01     00.0     07.5    00.0   04.3     12.9    15:36     ENE
21    25.4    28.4   15:28    22.4   04:44     00.0     07.1    00.0   04.0     12.9    22:10      NE
22    25.7    29.1   16:04    22.9   06:09     00.0     07.4    00.0   04.9     31.4    16:58     NNE
23    24.2    27.6   16:36    21.5   13:15     00.0     05.9    00.7   03.7     14.8    12:24     WSW
24    24.8    28.4   15:57    21.2   05:49     00.0     06.5    00.0   03.6     14.8    16:32      SE
25    26.5    30.4   17:48    23.1   06:16     00.0     08.2    00.0   03.5     16.6    13:42      N 
26    26.3    29.7   13:41    22.7   06:19     00.0     08.0    00.0   04.3     16.6    21:56      N 
27    25.3    30.1   13:29    22.0   21:52     00.0     07.0    01.1   04.9     25.9    19:03      NW
28    22.2    23.6   23:22    20.8   23:00     00.0     03.9    09.2   04.4     11.1    01:17     NNE
29    24.8    29.0   15:57    20.6   05:21     00.0     06.5    00.0   04.7     14.8    12:19     ESE
30    26.3    30.5   14:50    22.0   06:30     00.0     08.0    00.0   05.6     20.4    22:35      NE
31    23.6    26.7   18:06    20.8   10:04     00.0     05.3    04.7   04.1     18.5    15:17     WNW
--------------------------------------------------------------------------------------------------------
24.4 (24.6)   31.0  day 11     15.4  day 16   000.0    190.5   046.4   04.8     31.5   day 22      NE
Max >=  30: 7
Min <=   30: 31
Max Rain: 14.4 ON 13-07-16
Days of Rain: 9 (> .2mm) 5 (> 2mm) 0 (> 20mm)