MONTHLY CLIMATOLOGICAL SUMMARY for JUL. 2017

NAME: Lacrosse WS2800   CITY: Salcedo (VI) STATE: Italia
ELEV: 398 LAT: 045:45:30 LONG: -011:34:05

                            TEMPERATURE ( C), RAIN (mm), WIND SPEED (kmh)

                                               HEAT     COOL           AVG
      MEAN                                     DEG      DEG            WIND                      DOM
DAY   TEMP    HIGH   TIME     LOW    TIME      DAYS     DAYS    RAIN   SPEED   HIGH    TIME      DIR
----------------------------------------------------------------------------------------------------------------------------------------------------------
01    18.6    24.2   15:28    13.2   04:00     00.0     00.3    00.0   04.7     16.6    16:19     ENE
02    20.5    24.8   16:29    15.7   04:03     00.0     02.2    00.0   03.0     12.9    17:35     SSW
03    22.6    27.0   13:46    18.5   05:38     00.0     04.3    00.0   05.7     25.9    21:52     NNE
04    22.3    27.1   16:44    18.2   06:19     00.0     04.0    00.0   03.7     14.8    16:19     ENE
05    24.1    28.3   15:08    19.8   03:19     00.0     05.8    00.0   04.3     18.5    21:28     ENE
06    25.5    30.0   15:10    20.9   05:13     00.0     07.2    00.0   04.3     12.9    15:53      E 
07    25.9    31.3   16:38    22.1   05:06     00.0     07.6    00.0   04.7     27.8    20:27     ENE
08    26.8    31.8   15:47    21.9   06:04     00.0     08.5    01.3   04.6     33.3    00:00      SE
09    25.2    30.4   16:45    18.2   01:46     00.0     06.9    01.8   05.6     33.3    00:02     ENE
10    25.5    29.4   17:34    20.6   14:51     00.0     07.2    13.6   06.9     29.6    14:35     NNE
11    23.8    29.0   15:29    19.9   00:00     00.0     05.5    00.0   05.7     40.7    18:11     SSE
12    23.4    28.8   17:06    18.7   02:55     00.0     05.1    00.0   05.6     22.2    00:36     NNE
13    24.6    28.0   16:26    21.1   06:01     00.0     06.3    00.0   05.9     27.8    22:26      NE
14    21.2    25.0   16:40    16.9   10:32     00.0     02.9    07.1   05.7     24.1    00:02     NNE
15    21.9    26.2   15:25    18.1   06:11     00.0     03.6    00.0   05.7     24.1    18:19      NE
16    21.0    24.8   17:35    16.3   06:09     00.0     02.7    00.0   05.3     20.4    15:02      SE
17    22.5    27.4   15:05    17.1   06:36     00.0     04.2    00.0   04.4     14.8    15:11     SSW
18    24.5    29.0   15:22    19.5   05:23     00.0     06.2    00.0   04.8     14.8    15:40     ENE
19    24.6    29.0   15:56    20.2   06:33     00.0     06.3    00.0   04.9     16.6    23:10     ENE
20    24.2    28.7   16:51    20.7   05:52     00.0     05.9    00.0   04.1     16.6    23:09      NE
21    25.2    28.8   18:07    21.1   06:12     00.0     06.9    00.0   04.6     16.6    16:45      NE
22    26.0    30.6   15:27    22.0   05:37     00.0     07.7    00.0   04.8     18.5    22:16     ENE
23    25.8    30.4   17:17    21.8   05:59     00.0     07.5    00.0   06.3     22.2    23:10      E 
24    20.6    25.3   11:18    16.2   14:13     00.0     02.3    50.1   07.0     46.3    14:16      N 
25    19.7    25.2   15:10    15.6   05:37     00.0     01.4    00.0   05.0     24.1    18:58     NNE
26    18.3    21.0   14:55    15.4   06:52     00.0     00.0    00.0   03.3     11.1    23:41      NE
27    21.8    26.9   14:48    16.6   05:48     00.0     03.5    00.0   04.9     12.9    21:06     NNE
28    23.4    27.4   16:56    19.0   06:40     00.0     05.1    00.0   04.5     12.9    14:25     ENE
29    24.5    28.9   17:28    21.2   04:11     00.0     06.2    00.0   04.6     12.9    21:08     ENE
30    23.4    28.0   16:44    18.8   06:40     00.0     05.1    18.7   04.8     37.0    22:58     SSW
31    24.7    29.6   16:57    20.1   05:48     00.0     06.4    00.0   03.5     12.9    12:34      SE
----------------------------------------------------------------------------------------------------------------------------------------------------------
23.3 (23.3)   31.8  day 08     13.2  day 01   000.0    154.7   092.9   04.9     46.3   day 24      NE
Max >=  30: 6
Min <=   30: 31
Max Rain: 50.1 ON 24-07-17
Days of Rain: 6 (> .2mm) 4 (> 2mm) 1 (> 20mm)