MONTHLY CLIMATOLOGICAL SUMMARY for AUG. 2011

NAME: Lacrosse WS2800   CITY: Salcedo (VI) STATE: Italia
ELEV: 398 LAT: 045:45:30 LONG: -011:34:05

                            TEMPERATURE ( C), RAIN (mm), WIND SPEED (kmh)

                                               HEAT     COOL           AVG
      MEAN                                     DEG      DEG            WIND                      DOM
DAY   TEMP    HIGH   TIME     LOW    TIME      DAYS     DAYS    RAIN   SPEED   HIGH    TIME      DIR
----------------------------------------------------------------------------------------------------------------------------------------------------------
01    22.6    28.6   17:29    19.2   05:24     00.0     04.3    00.5   04.4     24.1    19:32     ESE
02    23.4    28.4   15:10    19.2   06:17     00.0     05.1    00.0   03.4     13.0    15:14     ESE
03    24.5    28.8   10:08    21.3   00:00     00.0     06.2    00.0   03.2     13.0    13:40     ESE
04    24.1    29.8   17:31    19.4   03:09     00.0     05.8    00.8   05.4     25.9    23:10     SSE
05    24.6    29.4   15:28    20.8   06:20     00.0     06.3    00.0   03.9     13.0    15:17     ENE
06    23.5    28.1   14:30    18.1   06:29     00.0     05.2    06.7   04.5     24.1    05:45      NE
07    23.1    27.3   12:53    20.2   05:58     00.0     04.8    00.0   03.8     13.0    14:45      W 
08    24.3    28.4   16:15    20.0   06:18     00.0     06.0    00.0   06.7     29.6    15:33     SSW
09    21.4    25.0   17:29    17.4   05:51     00.0     03.1    00.0   05.3     18.5    13:57     ENE
10    20.7    26.1   16:18    15.6   05:38     00.0     02.4    00.0   05.2     14.8    17:16     ENE
11    21.3    26.4   17:12    14.7   05:04     00.0     03.0    00.0   05.1     16.7    04:39      E 
12    22.5    27.6   15:10    17.1   04:09     00.0     04.2    00.0   03.8     13.0    16:41      E 
13    26.1    29.1   15:02    20.6   00:07     00.0     07.8    00.0   04.9     14.8    15:17      E 
14    25.3    30.9   16:33    20.4   06:10     00.0     07.0    00.0   04.8     16.7    13:42      E 
15    23.4    28.2   15:35    19.3   09:28     00.0     05.1    02.6   04.6     25.9    07:23      NE
22    25.5    29.9   16:10    20.6   06:18     00.0     07.2    00.0   04.2     16.7    14:20      E 
23    30.2    35.4   16:51    25.4   06:27     00.0     11.9    00.0   03.9     14.8    14:08      E 
24    29.2    34.5   17:23    24.4   06:39     00.0     10.9    00.0   03.9     13.0    21:14      E 
25    28.6    34.3   15:37    23.6   06:51     00.0     10.3    00.0   04.1     14.8    13:03      E 
26    28.5    33.2   15:55    24.1   06:31     00.0     10.2    00.0   05.3     18.5    22:47     ENE
27    25.9    30.4   16:32    20.8   00:00     00.0     07.6    00.5   08.6     35.2    15:28      SE
28    23.0    28.5   16:38    18.4   06:29     00.0     04.7    00.0   05.6     24.1    11:39      E 
29    22.6    28.9   16:51    17.4   06:12     00.0     04.3    00.0   04.8     16.7    15:10     ESE
30    23.1    27.8   15:09    19.4   06:48     00.0     04.8    00.0   05.7     18.5    12:03      NE
31    23.7    28.9   16:00    19.7   06:25     00.0     05.4    00.0   05.2     20.4    23:07      E 
----------------------------------------------------------------------------------------------------------------------------------------------------------
24.4 (24.6)   35.4  day 23     14.7  day 11   000.0    153.6   011.1   04.8     35.2   day 27      E 
Max >=  30: 6
Min <=   30: 25
Max Rain: 6.7 ON 6-08-12
Days of Rain: 5 (> .2mm) 2 (> 2mm) 0 (> 20mm)