MONTHLY CLIMATOLOGICAL SUMMARY for AUG. 2012

NAME: Lacrosse WS2800   CITY: Salcedo (VI) STATE: Italia
ELEV: 398 LAT: 045:45:30 LONG: -011:34:05

                            TEMPERATURE ( C), RAIN (mm), WIND SPEED (kmh)

                                               HEAT     COOL           AVG
      MEAN                                     DEG      DEG            WIND                       DOM
DAY   TEMP    HIGH   TIME     LOW    TIME      DAYS     DAYS    RAIN   SPEED    HIGH    TIME      DIR
----------------------------------------------------------------------------------------------------------------------------------------------------------
01    26.2    29.6   17:13    23.0   06:16     00.0     07.9    00.0   06.5     18.5    03:35      N 
02    26.5    30.7   17:23    22.3   05:51     00.0     08.2    00.0   04.9     16.7    13:24      NE
03    26.9    30.4   16:07    23.8   00:00     00.0     08.6    00.0   05.4     14.8    22:02     ENE
04    26.3    30.6   17:28    21.9   06:06     00.0     08.0    00.0   04.9     16.7    14:26     ENE
05    26.2    30.2   16:24    21.0   05:32     00.0     07.9    01.0   06.6     18.5    15:10     ENE
06    25.5    28.8   17:32    20.9   05:11     00.0     07.2    00.0   05.0     16.7    15:48      NE
07    25.1    29.7   16:56    20.7   06:03     00.0     06.8    00.0   05.6     18.5    13:32     ENE
08    25.4    29.0   16:01    21.5   06:33     00.0     07.1    00.0   05.3     16.7    13:35      NE
09    23.7    28.2   15:33    15.7   22:14     00.0     05.4    40.2   05.9     46.3    21:37      NE
10    22.0    25.7   15:17    18.2   00:04     00.0     03.7    03.1   05.8     22.2    20:29      NE
11    22.4    26.8   15:01    19.0   06:24     00.0     04.1    00.3   06.5     33.3    21:43     NNE
12    20.3    23.9   16:58    17.2   06:49     00.0     02.0    00.0   04.6     14.8    14:39      NE
13    21.8    25.2   17:59    18.3   06:20     00.0     03.5    00.0   04.6     14.8    15:41      E 
14    22.9    27.0   17:40    19.1   05:45     00.0     04.6    00.0   04.6     14.8    16:08      NE
15    24.0    29.1   17:43    20.3   07:01     00.0     05.7    00.0   05.1     14.8    22:50     ENE
16    24.2    28.2   15:00    22.0   06:57     00.0     05.9    00.0   04.6     18.5    16:41     ENE
17    25.6    29.4   17:13    21.6   02:22     00.0     07.3    00.0   05.2     14.8    11:50     NNE
18    26.6    30.3   15:53    22.7   06:17     00.0     08.3    00.0   04.2     14.8    14:27      NE
19    27.2    30.8   17:18    23.2   06:27     00.0     08.9    00.0   03.9     16.7    13:56     ENE
20    28.2    34.0   16:30    23.8   06:53     00.0     09.9    00.0   04.4     18.5    13:45     ENE
21    28.5    33.1   15:09    24.8   06:22     00.0     10.2    00.0   04.4     16.7    08:19     ENE
23    27.4    30.9   13:05    25.3   07:06     00.0     09.1    00.0   04.1     13.0    13:21      NE
24    26.9    31.8   17:11    22.2   06:36     00.0     08.6    00.0   04.9     16.7    17:50      N 
25    26.7    31.3   17:32    22.4   06:31     00.0     08.4    00.0   05.7     22.2    20:08     ENE
26    21.2    26.0   00:05    14.6   00:00     00.0     02.9    19.4   06.0     35.2    16:48     NNE
27    19.8    25.1   17:23    14.2   01:40     00.0     01.5    00.0   04.9     14.8    20:52      N 
28    21.7    26.2   15:45    17.8   06:20     00.0     03.4    00.0   04.5     16.7    13:18     NNE
29    23.1    27.5   17:32    18.7   03:43     00.0     04.8    00.0   04.0     14.8    16:53     ENE
30    24.1    27.9   13:40    20.2   23:14     00.0     05.8    02.5   04.1     13.0    22:15     NNE
31    18.4    20.7   00:08    15.1   17:56     00.0     00.1    12.4   05.9     31.5    19:59     NNE
----------------------------------------------------------------------------------------------------------------------------------------------------------
24.5 (24.5)   34.0  day 20     14.2  day 27   000.0    185.8   078.9   05.1     46.3   day 09      NE
Max >=  30: 11
Min <=   30: 30
Max Rain: 40.2 ON 9-08-12
Days of Rain: 109 (> .2mm) 107 (> 2mm) 1 (> 20mm)