MONTHLY CLIMATOLOGICAL SUMMARY for AUG. 2013

NAME: Lacrosse WS2800   CITY: Salcedo (VI) STATE: Italia
ELEV: 398 LAT: 045:45:30 LONG: -011:34:05

                            TEMPERATURE ( C), RAIN (mm), WIND SPEED (kmh)

                                               HEAT     COOL           AVG
      MEAN                                     DEG      DEG            WIND                      DOM
DAY   TEMP    HIGH   TIME     LOW    TIME      DAYS     DAYS    RAIN   SPEED   HIGH    TIME      DIR
----------------------------------------------------------------------------------------------------------------------------------------------------------
01    26.3    29.6   16:45    23.0   05:52     00.0     08.0    00.0   04.8     14.8    17:10      E 
02    27.4    32.1   16:53    23.0   06:35     00.0     09.1    00.0   04.5     14.8    16:27      SE
03    27.9    32.8   16:59    23.7   06:02     00.0     09.6    00.0   04.8     14.8    22:49      E 
04    28.9    32.8   17:14    24.5   06:01     00.0     10.6    00.0   04.1     14.8    22:58      SE
05    29.6    33.0   16:29    26.1   06:06     00.0     11.3    00.0   05.2     18.5    10:23     ENE
06    29.4    33.0   17:51    25.4   05:31     00.0     11.1    00.0   04.5     16.7    23:58     ESE
07    28.2    31.9   15:37    25.0   06:23     00.0     09.9    00.0   04.4     14.8    18:39     ENE
08    28.4    32.0   15:57    25.2   06:47     00.0     10.1    00.0   06.7     25.9    18:37      W 
09    26.3    29.2   13:34    23.2   23:58     00.0     08.0    01.1   05.1     31.5    23:56      NW
10    24.3    27.4   15:31    21.0   07:05     00.0     06.0    00.0   08.0     37.0    00:14     NNE
11    23.9    26.9   17:57    20.9   05:37     00.0     05.6    00.0   06.1     22.2    14:32     ENE
12    25.0    28.6   16:30    20.8   06:09     00.0     06.7    00.0   05.1     16.7    17:29      E 
13    25.0    28.9   17:06    21.7   06:27     00.0     06.7    00.0   06.9     29.6    21:30     ENE
14    19.2    23.8   00:07    16.7   12:39     00.0     00.9    22.7   05.7     25.9    12:12      NE
15    21.0    24.7   17:32    17.7   02:27     00.0     02.7    00.0   04.1     16.7    12:02     ENE
16    22.3    26.5   18:16    18.2   06:13     00.0     04.0    00.0   04.6     14.8    13:43     ENE
17    24.0    27.8   18:07    19.8   06:32     00.0     05.7    00.0   04.2     16.7    15:28     SSE
18    25.6    28.8   17:03    22.6   06:04     00.0     07.3    00.0   05.3     13.0    16:13      NE
19    24.5    28.2   18:04    21.3   06:40     00.0     06.2    00.0   05.1     29.6    20:48     ESE
20    20.0    23.4   18:24    17.0   07:22     00.0     01.7    00.0   05.1     29.6    00:36      E 
21    21.8    25.4   17:15    18.1   06:21     00.0     03.5    00.0   04.9     18.5    13:34      E 
22    22.3    25.8   16:41    18.4   07:07     00.0     04.0    00.0   04.8     14.8    15:56     ENE
23    22.1    25.6   17:03    18.2   20:48     00.0     03.8    02.3   05.5     22.2    19:38      NE
24    21.4    25.3   16:08    17.1   00:00     00.0     03.1    25.0   04.7     20.4    23:01     ESE
25    17.9    22.1   13:35    15.6   23:52     00.4     00.0    60.3   07.0     37.0    15:32     NNE
26    18.0    22.2   15:38    14.9   05:05     00.3     00.0    01.1   04.9     22.2    00:02      NE
27    18.2    22.0   16:17    12.3   20:55     00.1     00.0    67.9   05.2     25.9    21:19     NNE
28    19.2    23.3   15:49    14.2   00:33     00.0     00.9    00.0   04.5     14.8    03:30      NE
29    19.8    23.7   16:25    16.3   18:14     00.0     01.5    33.8   05.2     70.3    18:14      NE
30    20.7    23.8   15:03    17.8   04:06     00.0     02.4    00.0   04.8     16.7    05:04     ENE
31    21.0    24.4   17:12    17.2   06:52     00.0     02.7    00.0   03.2     13.0    14:32      E 
----------------------------------------------------------------------------------------------------------------------------------------------------------
23.5 (23.6)   33.0  day 06     12.3  day 27   000.9    163.1   214.2   05.1     70.3   day 29     ENE
Max >=  30: 7
Min <=   30: 31
Max Rain: 67.9 ON 27-08-13
Days of Rain: 8 (> .2mm) 6 (> 2mm) 5 (> 20mm)