MONTHLY CLIMATOLOGICAL SUMMARY for AUG. 2014

NAME: Lacrosse WS2800   CITY: Salcedo (VI) STATE: Italia
ELEV: 398 LAT: 045:45:30 LONG: -011:34:05

                            TEMPERATURE ( C), RAIN (mm), WIND SPEED (kmh)

                                               HEAT     COOL           AVG
      MEAN                                     DEG      DEG            WIND                      DOM
DAY   TEMP    HIGH   TIME     LOW    TIME      DAYS     DAYS    RAIN   SPEED   HIGH    TIME      DIR
----------------------------------------------------------------------------------------------------------------------------------------------------------
01    23.1    26.8   17:07    19.6   05:44     00.0     04.8    10.3   04.0     22.2    22:37     NNE
02    23.7    27.4   16:21    20.2   06:18     00.0     05.4    00.0   03.5     14.8    23:25      NE
03    21.1    24.8   12:39    17.7   15:07     00.0     02.8    07.7   03.5     20.4    15:22      N 
04    21.4    25.9   18:02    16.8   06:45     00.0     03.1    00.0   02.5     09.3    12:23     ENE
05    22.2    25.5   14:03    18.3   07:38     00.0     03.9    05.2   03.0     14.8    05:37     NNE
06    23.0    27.9   15:36    17.7   05:28     00.0     04.7    00.0   03.0     12.9    16:38      SW
07    23.2    27.4   14:44    20.3   07:10     00.0     04.9    00.0   03.2     14.8    15:18      NE
08    23.2    27.7   15:13    19.0   06:25     00.0     04.9    00.0   03.4     12.9    14:39      NE
09    22.9    27.0   17:52    18.0   04:53     00.0     04.6    09.2   03.3     24.1    04:35      N 
10    23.5    27.5   16:31    20.0   06:12     00.0     05.2    00.0   03.2     11.1    13:00      NE
11    23.8    27.1   17:19    21.3   04:59     00.0     05.5    12.1   03.1     12.9    14:01      NE
12    22.9    26.6   17:15    20.3   06:40     00.0     04.6    25.0   04.2     22.2    22:25      NE
14    20.2    23.5   15:19    17.0   00:00     00.0     01.9    00.0   04.2     22.2    14:51      NE
15    18.3    22.4   16:48    12.5   11:24     00.0     00.0    23.2   03.5     40.7    11:15      NW
16    17.1    21.7   17:40    15.0   11:23     01.2     00.0    01.8   03.9     14.8    07:33      N 
17    18.4    23.1   17:28    13.6   06:38     00.0     00.1    00.0   03.0     12.9    16:00      NE
18    19.5    23.9   16:16    15.4   05:28     00.0     01.2    00.0   03.4     12.9    00:10      NE
19    17.2    19.2   00:09    15.4   00:00     01.1     00.0    20.9   02.0     12.9    01:00      N 
20    17.3    20.8   17:37    14.8   04:40     01.0     00.0    32.4   03.8     29.6    23:30     NNE
21    18.9    23.2   15:07    14.0   07:08     00.0     00.6    07.6   04.6     14.8    23:59      NE
22    19.7    23.9   15:13    15.4   06:07     00.0     01.4    01.1   02.7     14.8    00:07      NE
23    16.9    19.3   00:05    15.1   00:00     01.4     00.0    30.1   02.6     09.3    17:34     WNW
24    17.7    21.2   14:41    13.4   06:26     00.6     00.0    08.8   04.5     16.6    22:48      NE
25    17.2    19.8   14:47    14.6   06:38     01.1     00.0    00.0   03.0     12.9    10:57      NE
26    17.0    18.8   14:51    16.2   00:00     01.3     00.0    00.4   02.0     07.4    16:32      NE
27    19.2    23.8   16:01    15.9   08:32     00.0     00.9    01.1   02.2     09.3    15:32     ENE
28    19.8    23.0   16:37    17.2   03:10     00.0     01.5    00.0   04.7     35.1    02:58      NE
29    20.9    26.3   17:28    15.8   06:02     00.0     02.6    00.0   02.9     09.3    15:15      NE
30    21.8    25.8   15:19    18.0   23:50     00.0     03.5    08.3   02.4     14.8    00:00     NNE
31    21.1    24.6   16:00    15.1   22:48     00.0     02.8    28.4   04.4     38.9    22:53     NNE
----------------------------------------------------------------------------------------------------------------------------------------------------------
20.4 (20.5)   27.9  day 06     12.5  day 15   007.7    071.1   238.6   03.3     40.7   day 15      NE
Min <=   30: 30
Max Rain: 32.4 ON 20-08-14
Days of Rain: 18 (> .2mm) 14 (> 2mm) 6 (> 20mm)