MONTHLY CLIMATOLOGICAL SUMMARY for AUG. 2015

NAME: Lacrosse WS2800   CITY: Salcedo (VI) STATE: Italia
ELEV: 398 LAT: 045:45:30 LONG: -011:34:05

                            TEMPERATURE ( C), RAIN (mm), WIND SPEED (kmh)

                                               HEAT     COOL           AVG
      MEAN                                     DEG      DEG            WIND                      DOM
DAY   TEMP    HIGH   TIME     LOW    TIME      DAYS     DAYS    RAIN   SPEED   HIGH    TIME      DIR
--------------------------------------------------------------------------------------------------------
01    20.2    25.6   12:58    17.4   23:03     00.0     01.9    12.2   04.0     14.8    00:14      N 
02    20.2    24.8   16:45    16.3   06:50     00.0     01.9    04.1   02.7     11.1    18:11      NE
03    24.2    29.3   17:09    19.2   05:59     00.0     05.9    00.0   03.5     14.8    13:51     ESE
04    26.3    30.2   16:07    21.9   05:54     00.0     08.0    00.0   04.1     16.6    12:20     ENE
05    27.8    31.6   17:28    23.3   06:39     00.0     09.5    00.0   04.0     16.6    13:02     ENE
06    28.6    32.7   16:28    24.0   06:14     00.0     10.3    00.0   03.9     11.1    15:40      NE
07    29.5    32.5   17:30    26.4   07:18     00.0     11.2    00.0   05.2     12.9    16:27      NE
08    29.0    33.9   16:36    26.1   06:06     00.0     10.7    00.0   04.7     24.1    21:14      N 
09    29.2    32.6   16:26    25.7   06:28     00.0     10.9    00.0   06.7     20.4    13:05      NE
10    27.7    30.9   16:03    22.9   22:04     00.0     09.4    00.0   08.7     27.8    11:55      NE
11    28.4    31.6   16:41    25.3   04:02     00.0     10.1    00.0   07.6     20.4    02:41     NNE
12    28.9    32.8   17:37    24.6   06:50     00.0     10.6    00.0   04.0     12.9    16:01      NE
13    29.2    33.5   16:13    24.7   06:06     00.0     10.9    00.0   03.4     14.8    13:43      E 
14    28.3    32.3   15:25    24.3   06:15     00.0     10.0    00.0   03.9     12.9    21:35     ENE
15    24.4    29.0   15:37    19.2   23:55     00.0     06.1    04.0   04.4     18.5    02:29     ENE
16    20.7    23.0   17:07    19.2   21:02     00.0     02.4    00.0   04.7     29.6    18:02      W 
17    20.5    24.0   13:57    00.0   17:55     00.0     02.2    00.7   02.8     11.1    11:51     NNE
18    20.9    26.2   17:30    15.5   21:50     00.0     02.6    44.8   04.7     25.9    23:56      N 
19    17.2    18.8   09:34    15.4   04:31     01.1     00.0    21.4   04.1     29.6    00:17      N 
20    20.4    26.7   15:39    16.0   00:59     00.0     02.1    10.6   05.0     37.0    22:03      NE
21    18.5    22.2   15:04    16.0   02:33     00.0     00.2    01.6   04.4     16.6    15:34     NNE
22    20.2    23.8   15:58    16.2   03:16     00.0     01.9    00.0   03.1     14.8    13:06      S 
23    20.3    22.9   16:38    17.7   07:02     00.0     02.0    00.0   02.9     09.3    21:22     NNE
24    18.6    21.3   15:13    16.3   11:30     00.0     00.3    57.6   03.9     16.6    18:50      N 
25    21.2    26.5   17:45    17.2   00:30     00.0     02.9    11.0   04.1     18.5    21:13      NE
26    22.3    26.7   16:19    18.4   07:11     00.0     04.0    00.0   03.4     11.1    02:13     ENE
27    23.3    28.8   17:11    18.8   06:34     00.0     05.0    00.0   03.8     14.8    22:43     ENE
28    23.9    28.6   16:05    19.6   06:57     00.0     05.6    00.0   02.6     09.3    14:58      NE
29    25.9    30.5   15:28    21.2   07:01     00.0     07.6    00.0   03.2     11.1    23:50      NE
30    27.4    32.0   17:49    22.4   05:51     00.0     09.1    00.0   04.1     14.8    02:29     NNE
31    25.4    30.1   16:26    21.7   07:16     00.0     07.1    00.0   03.6     14.8    19:41      NE
--------------------------------------------------------------------------------------------------------
24.1 (24.0)   33.9  day 08     0 1.3E-0311  day 17   001.1    182.4   167.9   04.2     37.0   day 20      NE
Max >=  30: 14
Min <=   30: 31
Max Rain: 57.6 ON 24-08-15
Days of Rain: 10 (> .2mm) 8 (> 2mm) 3 (> 20mm)