MONTHLY CLIMATOLOGICAL SUMMARY for AUG. 2016

NAME: Lacrosse WS2800   CITY: Salcedo (VI) STATE: Italia
ELEV: 398 LAT: 045:45:30 LONG: -011:34:05

                            TEMPERATURE ( C), RAIN (mm), WIND SPEED (kmh)

                                               HEAT     COOL           AVG
      MEAN                                     DEG      DEG            WIND                      DOM
DAY   TEMP    HIGH   TIME     LOW    TIME      DAYS     DAYS    RAIN   SPEED   HIGH    TIME      DIR
--------------------------------------------------------------------------------------------------------
01    22.3    24.6   16:14    20.4   12:01     00.0     04.0    02.3   04.6     22.2    04:24     NNE
02    22.9    26.8   14:43    19.2   05:28     00.0     04.6    00.0   04.6     16.6    15:49     ESE
03    24.4    28.7   16:18    20.3   05:50     00.0     06.1    00.0   04.1     14.8    14:22      E 
04    26.0    30.2   16:09    22.2   06:03     00.0     07.7    00.0   04.0     14.8    15:26      E 
05    21.5    25.2   00:43    16.9   15:52     00.0     03.2    61.0   07.6     61.0    09:33     NNW
06    22.5    27.1   15:07    17.4   06:48     00.0     04.2    00.0   04.9     16.6    13:09      S 
07    23.5    27.4   17:07    18.5   06:08     00.0     05.2    00.0   04.5     14.8    12:44     ENE
08    23.4    28.0   17:27    19.0   06:54     00.0     05.1    00.0   04.6     12.9    17:00      SW
09    24.2    29.2   14:55    19.1   23:46     00.0     05.9    11.7   04.5     25.9    23:58     NNE
10    18.4    22.6   16:20    15.6   09:26     00.0     00.1    43.4   06.2     29.6    04:46      N 
11    18.1    22.4   17:29    14.1   03:11     00.2     00.0    15.1   06.2     25.9    04:31      N 
12    18.7    21.8   18:11    15.9   06:31     00.0     00.4    00.0   04.3     18.5    02:19     NNE
13    21.2    25.9   17:43    16.2   06:23     00.0     02.9    00.0   03.7     14.8    15:14      S 
14    23.5    28.6   16:58    19.3   05:29     00.0     05.2    00.0   04.4     12.9    21:42     ENE
15    24.7    29.3   17:15    21.2   03:43     00.0     06.4    00.0   04.2     16.6    23:08     NNE
16    23.7    28.0   15:31    20.5   06:55     00.0     05.4    00.7   03.3     11.1    15:00      NE
17    22.4    27.4   16:08    19.0   22:15     00.0     04.1    00.4   04.7     24.1    20:48     NNW
18    21.5    25.0   12:43    17.9   06:43     00.0     03.2    04.3   04.6     20.4    23:41      NE
19    21.9    26.1   18:49    18.0   06:24     00.0     03.6    00.4   04.2     22.2    00:15      NE
20    23.1    26.8   14:40    19.7   07:12     00.0     04.8    04.7   03.4     11.1    22:36     ENE
21    21.5    26.5   16:50    17.6   20:50     00.0     03.2    19.1   05.2     35.1    20:01      NE
22    20.2    24.9   17:36    15.2   03:59     00.0     01.9    00.0   05.7     16.6    12:26     SSW
23    22.4    27.4   16:31    17.4   06:30     00.0     04.1    00.0   04.6     14.8    17:01     ESE
24    23.6    27.9   16:33    18.8   06:46     00.0     05.3    00.0   05.6     14.8    14:08     NNE
25    23.7    27.2   14:25    19.4   06:53     00.0     05.4    00.0   05.0     14.8    23:50      NE
26    23.6    26.9   16:53    19.2   06:42     00.0     05.3    00.0   05.7     16.6    00:58      NE
27    24.5    28.6   16:04    20.0   07:03     00.0     06.2    00.0   04.6     16.6    03:25     NNE
28    25.1    29.1   15:14    21.3   05:55     00.0     06.8    00.0   03.8     16.6    21:34      NE
29    24.9    29.2   15:56    20.8   22:26     00.0     06.6    00.4   04.5     25.9    23:31      N 
30    24.2    26.8   17:04    21.2   01:55     00.0     05.9    00.0   06.6     20.4    12:44     NNE
31    24.1    27.8   16:23    21.3   07:19     00.0     05.8    00.0   05.7     24.1    01:34     NNE
--------------------------------------------------------------------------------------------------------
22.8 (22.8)   30.2  day 04     14.1  day 11   000.2    138.6   163.6   04.8     61.1   day 05     NNE
Max >=  30: 1
Min <=   30: 31
Max Rain: 61.0 ON 5-08-16
Days of Rain: 12 (> .2mm) 8 (> 2mm) 2 (> 20mm)