MONTHLY CLIMATOLOGICAL SUMMARY for AUG. 2017

NAME: Lacrosse WS2800   CITY: Salcedo (VI) STATE: Italia
ELEV: 398 LAT: 045:45:30 LONG: -011:34:05

                            TEMPERATURE ( C), RAIN (mm), WIND SPEED (kmh)

                                               HEAT     COOL           AVG
      MEAN                                     DEG      DEG            WIND                      DOM
DAY   TEMP    HIGH   TIME     LOW    TIME      DAYS     DAYS    RAIN   SPEED   HIGH    TIME      DIR
----------------------------------------------------------------------------------------------------------------------------------------------------------
01    28.1    33.5   16:49    23.0   06:04     00.0     09.8    00.0   03.1     11.1    15:23      SE
02    28.9    33.4   16:32    24.5   06:13     00.0     10.6    00.0   05.2     22.2    20:36      NE
03    29.2    33.5   18:25    25.0   06:01     00.0     10.9    00.0   04.5     16.6    22:49      NE
04    29.9    33.7   17:04    27.1   03:52     00.0     11.6    00.0   06.0     18.5    22:21     NNE
05    30.0    33.5   15:01    26.6   07:04     00.0     11.7    00.0   05.4     18.5    13:41      NE
06    26.9    31.2   12:08    20.9   00:00     00.0     08.6    04.7   06.3     38.9    13:48      N 
07    22.9    27.0   17:37    18.6   05:45     00.0     04.6    00.0   05.2     16.6    00:12      NE
08    24.0    27.8   17:01    19.7   05:37     00.0     05.7    00.0   04.8     16.6    23:12      NE
09    26.4    30.3   16:48    22.6   06:16     00.0     08.1    00.3   07.5     25.9    17:25      NE
10    24.1    28.0   14:32    20.8   00:00     00.0     05.8    02.1   07.1     38.9    16:05     NNE
11    21.4    25.6   15:36    17.0   23:57     00.0     03.1    06.8   06.3     31.4    14:11      SE
12    20.1    25.1   19:03    15.5   06:05     00.0     01.8    03.2   04.3     20.4    01:41      N 
13    22.3    27.4   16:32    17.1   05:02     00.0     04.0    00.0   05.3     16.6    12:58      NE
14    23.7    28.6   15:51    18.8   07:03     00.0     05.4    00.0   04.4     22.2    15:55      E 
15    24.5    29.9   16:07    19.5   06:32     00.0     06.2    00.0   04.0     20.4    14:30     ESE
16    25.0    29.6   16:45    21.1   06:35     00.0     06.7    00.0   04.2     22.2    14:54     NNW
17    26.3    31.2   15:40    21.8   07:05     00.0     08.0    00.0   04.2     14.8    16:33     ENE
18    27.1    31.5   14:57    22.6   06:21     00.0     08.8    00.0   04.0     18.5    12:48      E 
19    23.7    27.4   13:10    16.2   22:40     00.0     05.4    19.3   06.5     50.0    21:27     NNE
20    19.8    25.0   15:54    13.9   06:31     00.0     01.5    00.0   05.1     22.2    00:47     ENE
21    20.8    24.3   16:59    17.5   06:39     00.0     02.5    00.0   05.2     20.4    15:16     ENE
22    20.6    25.4   17:24    17.9   04:48     00.0     02.3    00.0   06.0     18.5    15:56      NE
23    21.0    26.6   16:07    16.9   04:57     00.0     02.7    00.0   03.4     18.5    11:56     SSE
24    22.7    27.8   18:22    18.0   06:22     00.0     04.4    00.0   04.1     16.6    14:47      E 
25    24.0    28.8   16:29    20.4   05:46     00.0     05.7    00.0   03.7     18.5    14:51     ESE
26    25.5    30.6   16:20    21.5   04:50     00.0     07.2    00.0   04.0     16.6    21:20     ENE
27    26.9    32.4   15:53    21.9   06:36     00.0     08.6    00.0   03.7     14.8    13:27      SE
28    25.1    29.0   15:04    20.3   22:51     00.0     06.8    00.3   04.2     27.8    19:58      N 
29    23.0    27.8   16:02    18.9   07:04     00.0     04.7    00.0   03.9     14.8    10:57     ENE
30    23.5    28.5   16:00    19.0   06:24     00.0     05.2    00.0   03.5     18.5    15:01      E 
31    23.6    28.4   17:51    20.3   07:22     00.0     05.3    00.0   03.5     14.8    16:20     ENE
----------------------------------------------------------------------------------------------------------------------------------------------------------
24.5 (24.6)   33.7  day 04     13.9  day 20   000.0    193.6   036.8   04.8     50.0   day 19      NE
Max >=  30: 11
Min <=   30: 31
Max Rain: 19.3 ON 19-08-17
Days of Rain: 7 (> .2mm) 5 (> 2mm) 0 (> 20mm)