MONTHLY CLIMATOLOGICAL SUMMARY for AUG. 2018

NAME:    CITY:  STATE: 
ELEV:  LAT:  LONG: 

                            TEMPERATURE ( C), RAIN (mm), WIND SPEED (kmh)

                                               HEAT     COOL           AVG
      MEAN                                     DEG      DEG            WIND                       DOM
DAY   TEMP    HIGH   TIME     LOW    TIME      DAYS     DAYS    RAIN   SPEED    HIGH    TIME      DIR
--------------------------------------------------------------------------------------------------------
01    28.8    32.5   15:01    25.3   05:53     00.0     10.5    00.0   04.1     18.5    23:51     NNW
02    26.4    31.3   16:11    20.8   03:31     00.0     08.1    04.9   06.1     27.8    02:25     NNE
03    27.3    31.6   16:24    23.0   06:46     00.0     09.0    00.0   03.8     11.1    17:42      SE
04    27.6    31.1   15:58    23.8   05:58     00.0     09.3    00.4   03.6     12.9    15:11     NNE
05    28.3    32.6   16:37    23.4   06:34     00.0     10.0    00.0   04.5     20.4    22:49     ENE
06    27.8    31.6   17:11    25.0   04:07     00.0     09.5    00.0   03.5     16.6    00:20     ENE
07    27.3    31.4   16:21    23.5   04:35     00.0     09.0    00.0   04.5     16.6    12:21     ENE
08    25.0    30.0   13:38    22.2   18:32     00.0     06.7    11.6   03.0     18.5    18:22      NE
09    25.5    30.4   15:26    21.0   23:26     00.0     07.2    02.4   04.0     24.1    23:52      W 
10    24.8    29.4   16:30    20.9   06:03     00.0     06.5    00.0   04.6     16.6    23:10      NE
11    24.9    28.5   14:16    22.1   06:21     00.0     06.6    00.0   05.6     25.9    22:01     NNE
12    24.8    28.6   17:06    22.0   06:17     00.0     06.5    00.0   04.3     16.6    12:05     ENE
13    23.1    27.4   13:20    18.9   23:32     00.0     04.8    14.6   04.7     25.9    15:44      NE
14    20.2    24.4   15:40    17.7   23:30     00.0     01.9    06.1   04.9     27.8    21:27      N 
15    23.4    28.2   16:39    17.9   00:06     00.0     05.1    00.0   03.9     12.9    16:12      SE
16    23.9    27.2   15:13    21.0   06:40     00.0     05.6    00.0   03.8     18.5    01:56     NNE
17    24.5    28.5   16:06    19.7   06:32     00.0     06.2    00.0   04.6     16.6    02:45      NE
18    25.9    29.9   15:44    21.1   05:41     00.0     07.6    00.0   04.4     14.8    03:39      NE
19    26.8    30.2   16:02    22.1   06:13     00.0     08.5    00.0   05.8     22.2    02:29      NE
20    27.0    31.9   17:00    22.8   07:06     00.0     08.7    00.0   04.5     16.6    13:02      NE
21    27.5    32.1   17:41    23.4   06:17     00.0     09.2    00.0   04.3     16.6    14:41      NE
22    27.6    31.0   15:23    24.6   03:41     00.0     09.3    00.0   06.1     18.5    12:21      NE
23    26.5    30.6   14:19    23.2   06:29     00.0     08.2    00.0   04.1     16.6    00:03      NE
--------------------------------------------------------------------------------------------------------
25.9 (26.0)   32.6  day 05     17.7  day 14   000.0    174.2   040.0   04.5     27.8   day 02      NE
Max >=  30: 14
Min <=   30: 23
Max Rain: 14.6 ON 13-08-18
Days of Rain: 6 (> .2mm) 5 (> 2mm) 0 (> 20mm)