MONTHLY CLIMATOLOGICAL SUMMARY for SEP. 2011

NAME: Lacrosse WS2800   CITY: Salcedo (VI) STATE: Italia
ELEV: 398 LAT: 045:45:30 LONG: -011:34:05

                            TEMPERATURE ( C), RAIN (mm), WIND SPEED (kmh)

                                               HEAT     COOL           AVG
      MEAN                                     DEG      DEG            WIND                       DOM
DAY   TEMP    HIGH   TIME     LOW    TIME      DAYS     DAYS    RAIN   SPEED    HIGH    TIME      DIR
----------------------------------------------------------------------------------------------------------------------------------------------------------
01    22.7    28.2   14:42    18.9   06:33     00.0     04.4    00.0   04.7     18.5    16:21     ENE
02    23.4    28.3   15:07    19.5   06:16     00.0     05.1    00.0   03.6     13.0    15:11      E 
03    27.3    31.0   15:49    22.2   00:03     00.0     09.0    00.0   04.4     14.8    13:52      E 
04    22.8    27.9   11:39    18.3   23:40     00.0     04.5    10.6   05.1     24.1    21:34      NE
05    18.6    21.8   15:15    16.2   10:17     00.0     00.3    22.9   07.9     25.9    04:41      NE
06    21.6    27.1   15:57    17.8   03:25     00.0     03.3    05.7   04.8     14.8    15:04     ENE
07    20.9    25.9   15:54    17.0   06:06     00.0     02.6    00.0   04.4     14.8    21:06     ENE
09    21.9    25.6   12:24    18.4   06:53     00.0     03.6    00.0   03.2     11.1    22:07      NE
10    24.2    29.2   16:50    19.9   06:12     00.0     05.9    00.0   05.1     13.0    14:25      NE
11    23.9    29.2   14:09    19.7   07:25     00.0     05.6    00.0   03.2     11.1    15:56      E 
12    24.0    29.8   17:24    18.8   06:43     00.0     05.7    08.8   03.9     14.8    08:07     ENE
13    25.0    30.4   17:15    20.4   06:48     00.0     06.7    00.0   04.0     14.8    15:13      SE
14    24.8    30.9   16:19    20.0   06:40     00.0     06.5    00.0   04.9     16.7    21:49     ENE
15    24.4    29.8   16:09    20.0   05:01     00.0     06.1    00.0   04.0     13.0    13:38     ENE
16    23.8    30.3   16:17    19.3   07:08     00.0     05.5    00.0   03.9     14.8    22:24      E 
17    24.0    29.4   15:59    19.8   23:55     00.0     05.7    00.5   04.1     16.7    23:57     ENE
18    19.0    21.4   11:02    15.7   23:56     00.0     00.7    11.4   07.3     27.8    22:22      NE
19    15.6    21.9   15:24    11.1   08:31     02.7     00.0    25.3   05.8     22.2    12:29     WNW
20    19.3    25.4   13:49    13.5   00:02     00.0     01.0    00.0   05.8     24.1    05:02     NNW
21    21.7    27.8   15:40    15.6   04:35     00.0     03.4    00.0   04.2     14.8    15:54      W 
22    21.9    28.2   15:26    17.5   07:09     00.0     03.6    00.0   03.7     13.0    14:39     ENE
23    20.6    25.4   15:47    17.5   07:12     00.0     02.3    00.0   04.5     16.7    13:38      NE
24    20.7    26.1   16:16    16.5   06:33     00.0     02.4    00.0   03.8     13.0    03:18     ENE
25    21.1    26.9   15:17    16.1   06:45     00.0     02.8    00.0   04.5     14.8    22:19      NE
26    22.3    28.0   17:35    17.0   06:47     00.0     04.0    00.0   04.2     13.0    15:22      NE
27    22.0    28.2   15:46    17.3   05:35     00.0     03.7    00.0   04.6     14.8    00:00     NNE
29    22.8    28.2   14:23    18.5   00:00     00.0     04.5    00.0   04.7     16.7    15:10      NE
30    21.9    28.3   16:42    17.4   05:51     00.0     03.6    00.0   04.0     13.0    07:54      NE
----------------------------------------------------------------------------------------------------------------------------------------------------------
22.2 (22.7)   31.0  day 03     11.1  day 19   002.7    112.4   083.6   04.6     27.8   day 05      NE
Max >=  30: 4
Min <=   30: 28
Max Rain: 25.3 ON 19-09-12
Days of Rain: 7 (> .2mm) 6 (> 2mm) 2 (> 20mm)