MONTHLY CLIMATOLOGICAL SUMMARY for SEP. 2013

NAME: Lacrosse WS2800   CITY: Salcedo (VI) STATE: Italia
ELEV: 398 LAT: 045:45:30 LONG: -011:34:05

                            TEMPERATURE ( C), RAIN (mm), WIND SPEED (kmh)

                                               HEAT     COOL           AVG
      MEAN                                     DEG      DEG            WIND                      DOM
DAY   TEMP    HIGH   TIME     LOW    TIME      DAYS     DAYS    RAIN   SPEED   HIGH    TIME      DIR
----------------------------------------------------------------------------------------------------------------------------------------------------------
01    20.6    24.6   14:06    16.7   00:00     00.0     02.3    04.1   04.8     25.9    23:17     NNE
02    19.8    23.2   18:33    15.4   01:33     00.0     01.5    00.0   04.7     14.8    14:32      E 
03    20.9    24.6   15:17    17.0   07:07     00.0     02.6    00.0   03.9     13.0    21:26     ENE
04    22.4    25.6   15:45    19.5   01:07     00.0     04.1    00.0   04.0     13.0    21:32     ENE
05    21.9    25.6   16:01    18.8   06:56     00.0     03.6    00.0   03.4     11.1    16:23     ENE
06    22.4    25.7   15:58    19.4   07:51     00.0     04.1    00.0   03.9     11.1    15:33     ENE
07    22.9    26.4   16:29    19.8   06:51     00.0     04.6    00.0   03.2     13.0    14:08      E 
08    22.3    25.7   14:47    19.6   23:20     00.0     04.0    04.1   04.1     18.5    23:15      NE
09    21.9    26.2   17:40    18.2   00:00     00.0     03.6    00.0   06.3     27.8    21:20      E 
10    18.6    21.7   14:52    16.7   02:36     00.0     00.3    02.3   02.9     14.8    13:34     NNE
11    15.5    18.1   12:42    13.7   23:55     02.8     00.0    05.4   04.4     14.8    11:45     ENE
12    15.9    19.5   14:43    12.6   05:18     02.4     00.0    00.0   04.4     16.7    14:43      NE
13    16.8    20.4   18:12    13.8   05:36     01.5     00.0    00.0   03.8     18.5    16:52     NNE
14    17.2    20.8   15:21    14.2   07:33     01.1     00.0    00.0   05.1     16.7    14:52     NNE
15    17.3    19.5   13:36    15.3   23:02     01.0     00.0    03.4   03.5     11.1    20:36     NNE
16    17.5    21.3   14:36    14.3   07:21     00.8     00.0    00.0   03.6     13.0    14:46     ESE
17    16.3    19.6   15:00    13.9   23:47     02.0     00.0    00.0   06.5     29.6    07:20      E 
18    14.7    17.0   12:47    13.0   02:51     03.6     00.0    00.0   03.9     13.0    13:32     ENE
19    17.2    21.9   16:30    13.2   06:15     01.1     00.0    00.0   03.8     13.0    23:39     ENE
20    17.8    21.0   16:53    14.6   07:04     00.5     00.0    00.0   04.5     16.7    16:33      NE
21    18.6    22.7   16:14    14.8   07:20     00.0     00.3    00.0   04.1     16.7    19:21      NE
22    17.9    20.5   16:21    15.3   07:29     00.4     00.0    00.0   04.4     16.7    02:36      NE
23    17.9    22.2   17:07    14.8   03:28     00.4     00.0    00.0   03.9     14.8    15:06      E 
24    17.8    21.7   14:57    14.3   07:28     00.5     00.0    00.0   03.7     13.0    13:24     ENE
25    18.5    21.5   15:51    16.8   08:33     00.0     00.2    00.0   03.2     13.0    22:05      NE
26    18.3    21.0   15:30    15.0   07:07     00.0     00.0    00.0   04.4     14.8    23:30      NE
28    19.1    21.1   16:44    17.0   07:03     00.0     00.8    01.1   03.5     14.8    21:29     ENE
29    16.9    20.2   10:25    13.0   22:59     01.4     00.0    12.8   06.7     33.3    19:25      NE
30    12.5    13.9   14:11    11.2   09:58     05.8     00.0    07.0   03.5     16.7    06:40     NNE
----------------------------------------------------------------------------------------------------------------------------------------------------------
18.5 (18.7)   26.4  day 07     11.2  day 30   025.3    031.9   040.1   04.2     33.3   day 29      NE
Min <=   30: 29
Max Rain: 12.8 ON 29-09-13
Days of Rain: 12 (> .2mm) 11 (> 2mm) 0 (> 20mm)