MONTHLY CLIMATOLOGICAL SUMMARY for SEP. 2014

NAME: Lacrosse WS2800   CITY: Salcedo (VI) STATE: Italia
ELEV: 398 LAT: 045:45:30 LONG: -011:34:05

                            TEMPERATURE ( C), RAIN (mm), WIND SPEED (kmh)

                                               HEAT     COOL           AVG
      MEAN                                     DEG      DEG            WIND                      DOM
DAY   TEMP    HIGH   TIME     LOW    TIME      DAYS     DAYS    RAIN   SPEED   HIGH    TIME      DIR
----------------------------------------------------------------------------------------------------------------------------------------------------------
01    16.2    20.8   18:23    13.4   07:47     02.1     00.0    01.1   03.2     12.9    11:43     WSW
02    18.4    21.5   13:07    15.8   00:00     00.0     00.1    00.0   02.7     11.1    13:42     ENE
03    18.3    24.3   17:06    13.8   07:28     00.0     00.0    11.7   02.8     20.4    11:19      W 
04    20.2    23.4   14:58    18.8   22:35     00.0     01.9    00.4   03.0     12.9    03:29      N 
05    21.6    25.4   15:11    19.0   00:00     00.0     03.3    00.7   03.6     20.4    22:31      N 
06    21.0    26.2   14:16    17.8   05:22     00.0     02.7    00.0   02.6     18.5    18:33     NNW
07    20.3    23.7   15:44    17.3   05:42     00.0     02.0    00.0   02.1     11.1    21:30      SW
08    20.6    24.9   15:33    16.5   06:57     00.0     02.3    00.0   02.7     09.3    15:25      NE
09    21.1    24.6   14:26    18.1   06:53     00.0     02.8    29.0   02.8     11.1    20:35      N 
10    18.8    23.4   16:35    15.9   23:51     00.0     00.5    22.5   04.0     20.4    20:14      NE
11    16.5    20.2   13:15    14.8   06:46     01.8     00.0    12.4   02.8     12.9    18:54     NNE
12    14.7    18.2   16:51    12.9   06:58     03.6     00.0    03.4   02.8     12.9    05:33     NNE
13    15.7    19.7   14:38    12.1   07:21     02.6     00.0    00.0   03.5     11.1    14:21      NE
14    17.6    22.8   16:42    13.2   06:31     00.7     00.0    00.0   03.0     12.9    14:49      W 
15    18.5    22.4   17:18    15.2   03:44     00.0     00.2    00.0   02.3     09.3    12:20      NE
16    18.5    21.7   14:32    15.3   07:23     00.0     00.2    07.0   02.9     16.6    01:55      NE
17    18.5    21.6   15:14    16.0   07:24     00.0     00.2    00.0   03.8     12.9    17:12      NE
18    18.5    22.0   15:10    14.7   06:40     00.0     00.2    00.0   02.9     09.3    12:15      NE
19    18.1    21.0   14:58    16.0   06:02     00.2     00.0    01.8   02.5     16.6    18:30      NE
20    18.1    22.0   12:46    16.5   05:25     00.2     00.0    03.4   02.2     11.1    10:37     NNE
21    18.8    21.7   17:03    15.8   06:53     00.0     00.5    00.0   02.8     11.1    21:23      NE
22    18.8    24.0   16:08    13.2   00:00     00.0     00.5    00.0   04.9     33.3    23:04     ENE
23    15.4    20.6   15:29    11.1   07:13     02.9     00.0    00.0   03.9     14.8    17:09      W 
24    15.4    18.8   13:43    11.5   07:33     02.9     00.0    00.0   02.9     12.9    14:10     WSW
25    15.2    18.6   16:48    12.7   07:08     03.1     00.0    00.0   03.6     11.1    22:38      NE
26    15.9    20.1   15:30    12.3   07:59     02.4     00.0    00.0   03.6     11.1    21:43     NNE
27    16.8    21.4   16:29    13.3   07:13     01.5     00.0    00.0   03.2     09.3    23:20     ENE
28    18.1    22.4   15:48    14.3   07:19     00.2     00.0    00.0   03.1     12.9    14:49     ENE
29    18.5    21.8   16:30    15.6   03:40     00.0     00.2    00.0   02.9     11.1    14:29      NE
30    17.6    21.5   15:13    14.8   06:08     00.7     00.0    00.0   02.8     11.1    12:29     ENE
----------------------------------------------------------------------------------------------------------------------------------------------------------
18.1 (18.5)   26.2  day 06     11.1  day 23   024.7    017.7   093.4   03.1     33.3   day 22      NE
Min <=   30: 30
Max Rain: 29.0 ON 9-09-14
Days of Rain: 11 (> .2mm) 7 (> 2mm) 2 (> 20mm)